Last updated on 2023-12-03 08:50:08 CET.
Flavor | Version | Tinstall | Tcheck | Ttotal | Status | Flags |
---|---|---|---|---|---|---|
r-devel-linux-x86_64-debian-clang | 0.5.3 | 28.38 | 113.55 | 141.93 | NOTE | |
r-devel-linux-x86_64-debian-gcc | 0.5.3 | 19.34 | 84.18 | 103.52 | NOTE | |
r-devel-linux-x86_64-fedora-clang | 0.5.3 | 184.62 | NOTE | |||
r-devel-linux-x86_64-fedora-gcc | 0.5.3 | 188.88 | NOTE | |||
r-devel-windows-x86_64 | 0.5.3 | 23.00 | 124.00 | 147.00 | NOTE | |
r-patched-linux-x86_64 | 0.5.3 | 22.95 | 111.08 | 134.03 | NOTE | |
r-release-linux-x86_64 | 0.5.3 | 20.13 | 111.20 | 131.33 | NOTE | |
r-release-macos-arm64 | 0.5.3 | 64.00 | NOTE | |||
r-release-macos-x86_64 | 0.5.3 | 106.00 | NOTE | |||
r-release-windows-x86_64 | 0.5.3 | 31.00 | 149.00 | 180.00 | NOTE | |
r-oldrel-macos-arm64 | 0.5.3 | 45.00 | OK | |||
r-oldrel-macos-x86_64 | 0.5.3 | 69.00 | OK | |||
r-oldrel-windows-x86_64 | 0.5.3 | 29.00 | 148.00 | 177.00 | OK |
Version: 0.5.3
Check: C++ specification
Result: NOTE
Specified C++11: please drop specification unless essential
Flavors: r-devel-linux-x86_64-debian-clang, r-devel-linux-x86_64-debian-gcc, r-devel-linux-x86_64-fedora-clang, r-devel-linux-x86_64-fedora-gcc, r-devel-windows-x86_64, r-patched-linux-x86_64, r-release-linux-x86_64, r-release-macos-arm64, r-release-macos-x86_64, r-release-windows-x86_64