CRAN Package Check Results for Package GCD

Last updated on 2024-06-18 16:49:50 CEST.

Flavor Version Tinstall Tcheck Ttotal Status Flags
r-devel-linux-x86_64-debian-clang 4.0.7 2.15 41.87 44.02 NOTE
r-devel-linux-x86_64-debian-gcc 4.0.7 1.72 30.92 32.64 NOTE
r-devel-linux-x86_64-fedora-clang 4.0.7 55.40 NOTE
r-devel-linux-x86_64-fedora-gcc 4.0.7 53.72 NOTE
r-devel-windows-x86_64 4.0.7 3.00 54.00 57.00 NOTE
r-patched-linux-x86_64 4.0.7 2.68 39.08 41.76 NOTE
r-release-linux-x86_64 4.0.7 1.63 38.69 40.32 NOTE
r-release-macos-arm64 4.0.7 23.00 NOTE
r-release-macos-x86_64 4.0.7 30.00 NOTE
r-release-windows-x86_64 4.0.7 3.00 55.00 58.00 NOTE
r-oldrel-macos-arm64 4.0.7 21.00 NOTE
r-oldrel-macos-x86_64 4.0.7 33.00 NOTE
r-oldrel-windows-x86_64 4.0.7 4.00 60.00 64.00 NOTE

Check Details

Version: 4.0.7
Check: package dependencies
Result: NOTE Package suggested but not available for checking: ‘paleofire’ Flavors: r-devel-linux-x86_64-debian-clang, r-devel-linux-x86_64-debian-gcc, r-devel-linux-x86_64-fedora-clang, r-devel-linux-x86_64-fedora-gcc, r-devel-windows-x86_64, r-patched-linux-x86_64, r-release-linux-x86_64, r-release-macos-arm64, r-release-macos-x86_64, r-release-windows-x86_64, r-oldrel-macos-arm64, r-oldrel-macos-x86_64, r-oldrel-windows-x86_64

Version: 4.0.7
Check: dependencies in R code
Result: NOTE Namespace in Imports field not imported from: ‘raster’ All declared Imports should be used. Flavors: r-devel-linux-x86_64-fedora-clang, r-devel-linux-x86_64-fedora-gcc

Version: 4.0.7
Check: data for non-ASCII characters
Result: NOTE Note: found 103 marked UTF-8 strings Flavors: r-devel-linux-x86_64-fedora-clang, r-devel-linux-x86_64-fedora-gcc