CRAN Package Check Results for Package GD

Last updated on 2023-02-04 01:54:22 CET.

Flavor Version Tinstall Tcheck Ttotal Status Flags
r-devel-linux-x86_64-debian-clang 1.10 4.82 33.89 38.71 OK
r-devel-linux-x86_64-debian-gcc 1.10 3.80 26.05 29.85 OK
r-devel-linux-x86_64-fedora-clang 1.10 55.58 NOTE
r-devel-linux-x86_64-fedora-gcc 1.10 66.88 NOTE
r-devel-windows-x86_64 1.10 29.00 66.00 95.00 OK
r-patched-linux-x86_64 1.10 4.00 32.69 36.69 OK
r-release-linux-x86_64 1.10 3.77 33.15 36.92 OK
r-release-macos-arm64 1.10 21.00 NOTE
r-release-macos-x86_64 1.10 40.00 NOTE
r-release-windows-x86_64 1.10 23.00 90.00 113.00 OK
r-oldrel-macos-arm64 1.10 26.00 NOTE
r-oldrel-macos-x86_64 1.10 31.00 NOTE
r-oldrel-windows-ix86+x86_64 1.10 9.00 60.00 69.00 OK

Check Details

Version: 1.10
Check: dependencies in R code
Result: NOTE
    Namespace in Imports field not imported from: ‘badger’
     All declared Imports should be used.
Flavors: r-devel-linux-x86_64-fedora-clang, r-devel-linux-x86_64-fedora-gcc, r-release-macos-arm64, r-release-macos-x86_64, r-oldrel-macos-arm64, r-oldrel-macos-x86_64