Last updated on 2024-04-26 08:54:57 CEST.
Flavor | Version | Tinstall | Tcheck | Ttotal | Status | Flags |
---|---|---|---|---|---|---|
r-devel-linux-x86_64-debian-clang | 1.0.2 | 45.98 | 29.86 | 75.84 | OK | |
r-devel-linux-x86_64-debian-gcc | 1.0.2 | 38.12 | 23.07 | 61.19 | OK | |
r-devel-linux-x86_64-fedora-clang | 1.0.2 | 110.18 | NOTE | |||
r-devel-linux-x86_64-fedora-gcc | 1.0.2 | 112.86 | NOTE | |||
r-devel-windows-x86_64 | 1.0.2 | 38.00 | 71.00 | 109.00 | OK | |
r-patched-linux-x86_64 | 1.0.2 | 57.43 | 29.06 | 86.49 | OK | |
r-release-linux-x86_64 | 1.0.2 | 54.48 | 29.38 | 83.86 | OK | |
r-release-macos-arm64 | 1.0.2 | 30.00 | OK | |||
r-release-windows-x86_64 | 1.0.2 | 38.00 | 69.00 | 107.00 | OK | |
r-oldrel-macos-arm64 | 1.0.2 | 35.00 | OK | |||
r-oldrel-macos-x86_64 | 1.0.2 | 54.00 | OK | |||
r-oldrel-windows-x86_64 | 1.0.2 | 48.00 | 74.00 | 122.00 | OK |
Version: 1.0.2
Check: compiled code
Result: NOTE
File ‘GEEaSPU/libs/GEEaSPU.so’:
Found no calls to: ‘R_registerRoutines’, ‘R_useDynamicSymbols’
It is good practice to register native routines and to disable symbol
search.
See ‘Writing portable packages’ in the ‘Writing R Extensions’ manual.
Flavors: r-devel-linux-x86_64-fedora-clang, r-devel-linux-x86_64-fedora-gcc