Last updated on 2024-03-28 23:55:07 CET.
Flavor | Version | Tinstall | Tcheck | Ttotal | Status | Flags |
---|---|---|---|---|---|---|
r-devel-linux-x86_64-debian-clang | 0.1.0 | 51.55 | 86.53 | 138.08 | OK | |
r-devel-linux-x86_64-debian-gcc | 0.1.0 | 37.65 | 65.70 | 103.35 | OK | |
r-devel-linux-x86_64-fedora-clang | 0.1.0 | 176.63 | OK | |||
r-devel-linux-x86_64-fedora-gcc | 0.1.0 | 172.76 | OK | |||
r-devel-windows-x86_64 | 0.1.0 | 40.00 | 94.00 | 134.00 | OK | |
r-patched-linux-x86_64 | 0.1.0 | 42.34 | 84.92 | 127.26 | OK | |
r-release-linux-x86_64 | 0.1.0 | 43.27 | 88.62 | 131.89 | OK | |
r-release-macos-arm64 | 0.1.0 | 51.00 | OK | |||
r-release-macos-x86_64 | 0.1.0 | 80.00 | OK | |||
r-release-windows-x86_64 | 0.1.0 | 46.00 | 115.00 | 161.00 | OK | |
r-oldrel-macos-arm64 | 0.1.0 | 46.00 | ERROR | |||
r-oldrel-windows-x86_64 | 0.1.0 | 47.00 | 115.00 | 162.00 | OK |
Version: 0.1.0
Check: PDF version of manual
Result: WARN
LaTeX errors when creating PDF version.
This typically indicates Rd problems.
LaTeX errors found:
! Undefined control sequence.
<argument> ...s ,C_k)^\top = \mathbf {0}\,\,\text
{and}\,\,\mathcal H_0: \ma...
l.238 ...H} (B_1,\ldots,B_k)^\top = \mathbf{0},}{}
! Undefined control sequence.
<argument> ...\mathbf {C} = \mathbf {0}\,\, \text
{or}\,\,\mathcal H_{0,\ell...
l.249 ...{B} = \mathbf{0}, \,\,\ell=1,\ldots,q,}{}
! Undefined control sequence.
<argument> h_{\ell }^{\top }\pmb
{C}
l.251 ...s \eqn{\mathbf{h_{\ell}^{\top}\pmb{C}}}{}
and
! Undefined control sequence.
<argument> h_{\ell }^{\top }\pmb
{B}
l.252 \eqn{\mathbf{h_{\ell}^{\top}\pmb{B}}}{}
, respectively, are calculated.
! Undefined control sequence.
<argument> h_{\ell }^{\top }\pmb
{C}
l.265 ...r \eqn{\mathbf{h_{\ell}^{\top}\pmb{C}}}{}
and
! Undefined control sequence.
<argument> h_{\ell }^{\top }\pmb
{B}
l.266 for \eqn{\mathbf{h_{\ell}^{\top}\pmb{B}}}{}
, the test statistics and c...
Flavor: r-oldrel-macos-arm64
Version: 0.1.0
Check: PDF version of manual without index
Result: ERROR
Flavor: r-oldrel-macos-arm64