CRAN Package Check Results for Package GGEBiplotGUI

Last updated on 2021-10-27 00:51:05 CEST.

Flavor Version Tinstall Tcheck Ttotal Status Flags
r-devel-linux-x86_64-debian-clang 1.0-9 6.59 42.36 48.95 OK
r-devel-linux-x86_64-debian-gcc 1.0-9 5.27 34.53 39.80 OK
r-devel-linux-x86_64-fedora-clang 1.0-9 71.96 OK
r-devel-linux-x86_64-fedora-gcc 1.0-9 61.71 OK
r-devel-windows-x86_64 1.0-9 9.00 45.00 54.00 OK
r-devel-windows-x86_64-gcc10-UCRT 1.0-9 OK
r-patched-linux-x86_64 1.0-9 6.48 42.71 49.19 OK
r-patched-solaris-x86 1.0-9 97.20 OK
r-release-linux-x86_64 1.0-9 5.90 42.69 48.59 OK
r-release-macos-arm64 1.0-9 ERROR
r-release-macos-x86_64 1.0-9 ERROR
r-release-windows-ix86+x86_64 1.0-9 7.00 59.00 66.00 OK
r-oldrel-macos-x86_64 1.0-9 ERROR
r-oldrel-windows-ix86+x86_64 1.0-9 11.00 55.00 66.00 OK

Check Details

Version: 1.0-9
Check: examples
Result: ERROR
    Running examples in ‘GGEBiplotGUI-Ex.R’ failed
    The error most likely occurred in:
    
    > ### Name: GGEBiplot
    > ### Title: GGEBiplotGUI: Interactive GGE Biplots in R
    > ### Aliases: GGEBiplot
    >
    > ### ** Examples
    >
    > data(Ontario)
    > GGEBiplot(Data = Ontario)
    Warning in tclRequire("BWidget") : Tcl package 'BWidget' not found
    Error in structure(.External(.C_dotTclObjv, objv), class = "tclObj") :
     [tcl] invalid command name "ComboBox".
    Calls: GGEBiplot -> tkwidget -> tcl -> .Tcl.objv -> structure
    Execution halted
Flavors: r-release-macos-arm64, r-release-macos-x86_64, r-oldrel-macos-x86_64