Last updated on 2024-04-19 16:58:43 CEST.
Flavor | Version | Tinstall | Tcheck | Ttotal | Status | Flags |
---|---|---|---|---|---|---|
r-devel-linux-x86_64-debian-clang | 0.1.3 | 6.76 | 66.04 | 72.80 | OK | |
r-devel-linux-x86_64-debian-gcc | 0.1.3 | OK | ||||
r-devel-linux-x86_64-fedora-clang | 0.1.3 | 90.36 | NOTE | |||
r-devel-linux-x86_64-fedora-gcc | 0.1.3 | 84.54 | OK | |||
r-prerel-macos-arm64 | 0.1.3 | 28.00 | OK | |||
r-prerel-windows-x86_64 | 0.1.3 | 8.00 | 66.00 | 74.00 | OK | |
r-patched-linux-x86_64 | 0.1.3 | 6.11 | 61.27 | 67.38 | OK | |
r-release-linux-x86_64 | 0.1.3 | 6.88 | 63.11 | 69.99 | OK | |
r-release-macos-arm64 | 0.1.3 | 31.00 | OK | |||
r-release-macos-x86_64 | 0.1.3 | 43.00 | OK | |||
r-release-windows-x86_64 | 0.1.3 | 9.00 | 76.00 | 85.00 | OK | |
r-oldrel-macos-arm64 | 0.1.3 | 30.00 | OK | |||
r-oldrel-windows-x86_64 | 0.1.3 | 11.00 | 81.00 | 92.00 | OK |
Version: 0.1.3
Check: Rd cross-references
Result: NOTE
Undeclared package ‘gge’ in Rd xrefs
Flavor: r-devel-linux-x86_64-fedora-clang