CRAN Package Check Results for Package GGEBiplots

Last updated on 2021-12-02 00:49:11 CET.

Flavor Version Tinstall Tcheck Ttotal Status Flags
r-devel-linux-x86_64-debian-clang 0.1.1 6.41 63.89 70.30 NOTE
r-devel-linux-x86_64-debian-gcc 0.1.1 5.11 47.40 52.51 NOTE
r-devel-linux-x86_64-fedora-clang 0.1.1 92.84 NOTE
r-devel-linux-x86_64-fedora-gcc 0.1.1 80.29 NOTE
r-devel-windows-x86_64-new-UL 0.1.1 14.00 102.00 116.00 NOTE
r-devel-windows-x86_64-new-TK 0.1.1 NOTE
r-devel-windows-x86_64-old 0.1.1 11.00 58.00 69.00 NOTE
r-patched-linux-x86_64 0.1.1 5.80 57.55 63.35 NOTE
r-patched-solaris-x86 0.1.1 115.90 NOTE
r-release-linux-x86_64 0.1.1 5.48 57.59 63.07 NOTE
r-release-macos-arm64 0.1.1 NOTE
r-release-macos-x86_64 0.1.1 NOTE
r-release-windows-ix86+x86_64 0.1.1 16.00 81.00 97.00 NOTE
r-oldrel-macos-x86_64 0.1.1 NOTE
r-oldrel-windows-ix86+x86_64 0.1.1 17.00 82.00 99.00 OK

Check Details

Version: 0.1.1
Check: LazyData
Result: NOTE
     'LazyData' is specified without a 'data' directory
Flavors: r-devel-linux-x86_64-debian-clang, r-devel-linux-x86_64-debian-gcc, r-devel-linux-x86_64-fedora-clang, r-devel-linux-x86_64-fedora-gcc, r-devel-windows-x86_64-new-UL, r-devel-windows-x86_64-new-TK, r-devel-windows-x86_64-old, r-patched-linux-x86_64, r-patched-solaris-x86, r-release-linux-x86_64, r-release-macos-arm64, r-release-macos-x86_64, r-release-windows-ix86+x86_64

Version: 0.1.1
Check: dependencies in R code
Result: NOTE
    Namespaces in Imports field not imported from:
     ‘GGEBiplotGUI’ ‘gge’ ‘utils’
     All declared Imports should be used.
Flavors: r-devel-linux-x86_64-fedora-clang, r-devel-linux-x86_64-fedora-gcc, r-devel-windows-x86_64-new-TK, r-patched-solaris-x86, r-release-macos-arm64, r-release-macos-x86_64, r-oldrel-macos-x86_64