Last updated on 2024-03-28 23:55:07 CET.
Flavor | Version | Tinstall | Tcheck | Ttotal | Status | Flags |
---|---|---|---|---|---|---|
r-devel-linux-x86_64-debian-clang | 3.0-9 | 40.11 | 316.72 | 356.83 | OK | |
r-devel-linux-x86_64-debian-gcc | 3.0-9 | 21.11 | 222.58 | 243.69 | OK | |
r-devel-linux-x86_64-fedora-clang | 3.0-9 | 365.51 | NOTE | |||
r-devel-linux-x86_64-fedora-gcc | 3.0-9 | 354.40 | OK | |||
r-devel-windows-x86_64 | 3.0-9 | 28.00 | 291.00 | 319.00 | NOTE | |
r-patched-linux-x86_64 | 3.0-9 | 25.45 | 305.65 | 331.10 | OK | |
r-release-linux-x86_64 | 3.0-9 | 29.80 | 300.02 | 329.82 | OK | |
r-release-macos-arm64 | 3.0-9 | 132.00 | NOTE | |||
r-release-macos-x86_64 | 3.0-9 | 379.00 | NOTE | |||
r-release-windows-x86_64 | 3.0-9 | 40.00 | 352.00 | 392.00 | NOTE | |
r-oldrel-macos-arm64 | 3.0-9 | 124.00 | NOTE | |||
r-oldrel-windows-x86_64 | 3.0-9 | 40.00 | 329.00 | 369.00 | NOTE |
Version: 3.0-9
Check: installed package size
Result: NOTE
installed size is 9.6Mb
sub-directories of 1Mb or more:
R 1.0Mb
doc 7.0Mb
Flavors: r-devel-linux-x86_64-fedora-clang, r-devel-windows-x86_64, r-release-macos-arm64, r-release-macos-x86_64, r-release-windows-x86_64, r-oldrel-macos-arm64, r-oldrel-windows-x86_64