Last updated on 2024-04-23 08:57:59 CEST.
Flavor | Version | Tinstall | Tcheck | Ttotal | Status | Flags |
---|---|---|---|---|---|---|
r-devel-linux-x86_64-debian-clang | 1.0.0 | 11.44 | 112.57 | 124.01 | NOTE | |
r-devel-linux-x86_64-debian-gcc | 1.0.0 | 10.79 | 82.52 | 93.31 | NOTE | |
r-devel-linux-x86_64-fedora-clang | 1.0.0 | 154.74 | NOTE | |||
r-devel-linux-x86_64-fedora-gcc | 1.0.0 | 156.90 | NOTE | |||
r-prerel-macos-arm64 | 1.0.0 | 46.00 | NOTE | |||
r-prerel-windows-x86_64 | 1.0.0 | 13.00 | 102.00 | 115.00 | NOTE | |
r-patched-linux-x86_64 | 1.0.0 | 11.70 | 105.38 | 117.08 | NOTE | |
r-release-linux-x86_64 | 1.0.0 | 11.90 | 108.50 | 120.40 | NOTE | |
r-release-macos-arm64 | 1.0.0 | 50.00 | NOTE | |||
r-release-macos-x86_64 | 1.0.0 | 86.00 | NOTE | |||
r-release-windows-x86_64 | 1.0.0 | 17.00 | 123.00 | 140.00 | NOTE | |
r-oldrel-macos-arm64 | 1.0.0 | 49.00 | NOTE | |||
r-oldrel-windows-x86_64 | 1.0.0 | 17.00 | 122.00 | 139.00 | OK |
Version: 1.0.0
Check: Rd files
Result: NOTE
checkRd: (-1) constrained.Rd:37: Escaped LaTeX specials: \&
Flavors: r-devel-linux-x86_64-debian-clang, r-devel-linux-x86_64-debian-gcc, r-devel-linux-x86_64-fedora-clang, r-devel-linux-x86_64-fedora-gcc, r-prerel-macos-arm64, r-prerel-windows-x86_64, r-patched-linux-x86_64, r-release-linux-x86_64, r-release-macos-arm64, r-release-macos-x86_64, r-release-windows-x86_64
Version: 1.0.0
Check: dependencies in R code
Result: NOTE
Namespaces in Imports field not imported from:
‘Matrix’ ‘Rdpack’
All declared Imports should be used.
Flavors: r-devel-linux-x86_64-fedora-clang, r-devel-linux-x86_64-fedora-gcc, r-oldrel-macos-arm64