CRAN Package Check Results for Package GHS

Last updated on 2024-05-21 00:57:11 CEST.

Flavor Version Tinstall Tcheck Ttotal Status Flags
r-devel-linux-x86_64-debian-clang 0.1 11.18 34.81 45.99 NOTE
r-devel-linux-x86_64-debian-gcc 0.1 8.72 24.95 33.67 NOTE
r-devel-linux-x86_64-fedora-clang 0.1 55.59 NOTE
r-devel-linux-x86_64-fedora-gcc 0.1 52.19 NOTE
r-devel-windows-x86_64 0.1 9.00 50.00 59.00 NOTE
r-patched-linux-x86_64 0.1 8.62 30.33 38.95 NOTE
r-release-linux-x86_64 0.1 9.52 30.29 39.81 NOTE
r-release-macos-arm64 0.1 19.00 NOTE
r-release-windows-x86_64 0.1 8.00 44.00 52.00 NOTE
r-oldrel-macos-arm64 0.1 19.00 NOTE
r-oldrel-macos-x86_64 0.1 28.00 NOTE
r-oldrel-windows-x86_64 0.1 10.00 44.00 54.00 NOTE

Check Details

Version: 0.1
Check: LazyData
Result: NOTE 'LazyData' is specified without a 'data' directory Flavors: r-devel-linux-x86_64-debian-clang, r-devel-linux-x86_64-debian-gcc, r-devel-linux-x86_64-fedora-clang, r-devel-linux-x86_64-fedora-gcc, r-devel-windows-x86_64, r-patched-linux-x86_64, r-release-linux-x86_64, r-release-macos-arm64, r-release-windows-x86_64, r-oldrel-macos-arm64, r-oldrel-macos-x86_64, r-oldrel-windows-x86_64