CRAN Package Check Results for Package GLMMadaptive

Last updated on 2021-09-23 08:51:00 CEST.

Flavor Version Tinstall Tcheck Ttotal Status Flags
r-devel-linux-x86_64-debian-clang 0.8-2 11.64 160.55 172.19 OK
r-devel-linux-x86_64-debian-gcc 0.8-2 8.40 119.44 127.84 OK
r-devel-linux-x86_64-fedora-clang 0.8-2 212.00 OK
r-devel-linux-x86_64-fedora-gcc 0.8-2 198.16 OK
r-devel-windows-x86_64 0.8-2 16.00 158.00 174.00 OK
r-devel-windows-x86_64-gcc10-UCRT 0.8-2 ERROR
r-patched-linux-x86_64 0.8-2 9.75 155.38 165.13 OK
r-patched-solaris-x86 0.8-2 209.90 OK
r-release-linux-x86_64 0.8-2 9.57 155.13 164.70 OK
r-release-macos-arm64 0.8-2 OK
r-release-macos-x86_64 0.8-2 OK
r-release-windows-ix86+x86_64 0.8-2 30.00 197.00 227.00 OK
r-oldrel-macos-x86_64 0.8-2 OK
r-oldrel-windows-ix86+x86_64 0.8-2 21.00 149.00 170.00 OK

Check Details

Version: 0.8-2
Check: package dependencies
Result: NOTE
    Package suggested but not available for checking: 'pkgdown'
Flavor: r-devel-windows-x86_64-gcc10-UCRT

Version: 0.8-2
Check: PDF version of manual
Result: WARN
    LaTeX errors when creating PDF version.
    This typically indicates Rd problems.
Flavor: r-devel-windows-x86_64-gcc10-UCRT

Version: 0.8-2
Check: PDF version of manual without hyperrefs or index
Result: ERROR
    Re-running with no redirection of stdout/stderr.
Flavor: r-devel-windows-x86_64-gcc10-UCRT