Last updated on 2023-12-06 00:58:14 CET.
Flavor | Version | Tinstall | Tcheck | Ttotal | Status | Flags |
---|---|---|---|---|---|---|
r-devel-linux-x86_64-debian-clang | 1.2.0 | 2.30 | 75.55 | 77.85 | OK | |
r-devel-linux-x86_64-debian-gcc | 1.2.0 | 2.15 | 78.01 | 80.16 | OK | |
r-devel-linux-x86_64-fedora-clang | 1.2.0 | 93.79 | OK | |||
r-devel-linux-x86_64-fedora-gcc | 1.2.0 | 127.25 | OK | |||
r-devel-windows-x86_64 | 1.2.0 | 3.00 | 98.00 | 101.00 | OK | |
r-patched-linux-x86_64 | 1.2.0 | 2.36 | 90.74 | 93.10 | OK | |
r-release-linux-x86_64 | 1.2.0 | 1.81 | 89.99 | 91.80 | OK | |
r-release-macos-arm64 | 1.2.0 | 54.00 | OK | |||
r-release-macos-x86_64 | 1.2.0 | 161.00 | OK | |||
r-release-windows-x86_64 | 1.2.0 | 4.00 | 110.00 | 114.00 | OK | |
r-oldrel-macos-arm64 | 1.2.0 | 51.00 | OK | |||
r-oldrel-macos-x86_64 | 1.2.0 | 11.00 | ERROR | |||
r-oldrel-windows-x86_64 | 1.2.0 | 5.00 | 111.00 | 116.00 | OK |
Version: 1.2.0
Check: package dependencies
Result: ERROR
Package required and available but unsuitable version: ‘stats’
See section ‘The DESCRIPTION file’ in the ‘Writing R Extensions’
manual.
Flavor: r-oldrel-macos-x86_64