CRAN Package Check Results for Package GLMcat

Last updated on 2023-06-08 08:55:22 CEST.

Flavor Version Tinstall Tcheck Ttotal Status Flags
r-devel-linux-x86_64-debian-clang 0.2.5 169.29 59.74 229.03 OK
r-devel-linux-x86_64-debian-gcc 0.2.5 144.94 48.62 193.56 OK
r-devel-linux-x86_64-fedora-clang 0.2.5 299.38 NOTE
r-devel-linux-x86_64-fedora-gcc 0.2.5 350.03 NOTE
r-devel-windows-x86_64 0.2.5 121.00 103.00 224.00 OK
r-patched-linux-x86_64 0.2.5 147.95 61.54 209.49 OK
r-release-linux-x86_64 0.2.5 146.92 61.19 208.11 OK
r-release-macos-arm64 0.2.5 91.00 NOTE
r-release-macos-x86_64 0.2.5 136.00 NOTE
r-release-windows-x86_64 0.2.5 154.00 113.00 267.00 OK
r-oldrel-macos-arm64 0.2.5 74.00 NOTE
r-oldrel-macos-x86_64 0.2.5 94.00 NOTE
r-oldrel-windows-x86_64 0.2.5 139.00 108.00 247.00 OK

Check Details

Version: 0.2.5
Check: dependencies in R code
Result: NOTE
    Namespace in Imports field not imported from: ‘ordinal’
     All declared Imports should be used.
Flavors: r-devel-linux-x86_64-fedora-clang, r-devel-linux-x86_64-fedora-gcc, r-oldrel-macos-arm64, r-oldrel-macos-x86_64

Version: 0.2.5
Check: installed package size
Result: NOTE
     installed size is 18.3Mb
     sub-directories of 1Mb or more:
     libs 18.0Mb
Flavors: r-release-macos-arm64, r-release-macos-x86_64, r-oldrel-macos-arm64, r-oldrel-macos-x86_64