CRAN Package Check Results for Package GMCM

Last updated on 2021-09-23 12:57:49 CEST.

Flavor Version Tinstall Tcheck Ttotal Status Flags
r-devel-linux-x86_64-debian-clang 1.4 38.86 198.95 237.81 OK
r-devel-linux-x86_64-debian-gcc 1.4 25.71 141.97 167.68 OK
r-devel-linux-x86_64-fedora-clang 1.4 292.02 OK
r-devel-linux-x86_64-fedora-gcc 1.4 274.98 OK
r-devel-windows-x86_64 1.4 35.00 217.00 252.00 OK
r-devel-windows-x86_64-gcc10-UCRT 1.4 ERROR
r-patched-linux-x86_64 1.4 32.34 187.07 219.41 OK
r-patched-solaris-x86 1.4 403.80 OK
r-release-linux-x86_64 1.4 32.82 192.44 225.26 OK
r-release-macos-arm64 1.4 NOTE
r-release-macos-x86_64 1.4 OK
r-release-windows-ix86+x86_64 1.4 85.00 380.00 465.00 OK
r-oldrel-macos-x86_64 1.4 OK
r-oldrel-windows-ix86+x86_64 1.4 62.00 302.00 364.00 OK

Check Details

Version: 1.4
Check: package dependencies
Result: NOTE
    Packages suggested but not available for checking: 'Hmisc', 'jpeg'
Flavor: r-devel-windows-x86_64-gcc10-UCRT

Version: 1.4
Check: whether package can be installed
Result: ERROR
    Installation failed.
Flavor: r-devel-windows-x86_64-gcc10-UCRT

Version: 1.4
Check: installed package size
Result: NOTE
     installed size is 5.2Mb
     sub-directories of 1Mb or more:
     data 1.2Mb
     doc 1.1Mb
     libs 2.5Mb
Flavor: r-release-macos-arm64