Last updated on 2024-03-28 23:55:08 CET.
Flavor | Version | Tinstall | Tcheck | Ttotal | Status | Flags |
---|---|---|---|---|---|---|
r-devel-linux-x86_64-debian-clang | 1.4 | 37.02 | 215.49 | 252.51 | NOTE | |
r-devel-linux-x86_64-debian-gcc | 1.4 | 29.17 | 152.51 | 181.68 | NOTE | |
r-devel-linux-x86_64-fedora-clang | 1.4 | 319.77 | NOTE | |||
r-devel-linux-x86_64-fedora-gcc | 1.4 | 323.65 | NOTE | |||
r-devel-windows-x86_64 | 1.4 | 32.00 | 254.00 | 286.00 | NOTE | |
r-patched-linux-x86_64 | 1.4 | 41.75 | 204.23 | 245.98 | NOTE | |
r-release-linux-x86_64 | 1.4 | 35.40 | 202.32 | 237.72 | OK | |
r-release-macos-arm64 | 1.4 | 97.00 | OK | |||
r-release-macos-x86_64 | 1.4 | 201.00 | OK | |||
r-release-windows-x86_64 | 1.4 | 39.00 | 302.00 | 341.00 | OK | |
r-oldrel-macos-arm64 | 1.4 | 87.00 | OK | |||
r-oldrel-windows-x86_64 | 1.4 | 39.00 | 300.00 | 339.00 | OK |
Version: 1.4
Check: Rd files
Result: NOTE
checkRd: (-1) rtheta.Rd:50-76: Lost braces in \itemize; meant \describe ?
Flavors: r-devel-linux-x86_64-debian-clang, r-devel-linux-x86_64-debian-gcc, r-devel-linux-x86_64-fedora-clang, r-devel-linux-x86_64-fedora-gcc, r-devel-windows-x86_64, r-patched-linux-x86_64