Last updated on 2024-07-18 08:51:09 CEST.
Flavor | Version | Tinstall | Tcheck | Ttotal | Status | Flags |
---|---|---|---|---|---|---|
r-devel-linux-x86_64-debian-clang | 1.8 | 13.97 | 114.91 | 128.88 | OK | |
r-devel-linux-x86_64-debian-gcc | 1.8 | 10.24 | 85.68 | 95.92 | OK | |
r-devel-linux-x86_64-fedora-clang | 1.8 | 166.45 | NOTE | |||
r-devel-linux-x86_64-fedora-gcc | 1.8 | 152.83 | OK | |||
r-devel-windows-x86_64 | 1.8 | 12.00 | 98.00 | 110.00 | OK | |
r-patched-linux-x86_64 | 1.8 | 10.59 | 111.50 | 122.09 | OK | |
r-release-linux-x86_64 | 1.8 | 8.70 | 109.03 | 117.73 | OK | |
r-release-macos-arm64 | 1.8 | 44.00 | OK | |||
r-release-macos-x86_64 | 1.8 | 103.00 | OK | |||
r-release-windows-x86_64 | 1.8 | 14.00 | 99.00 | 113.00 | OK | |
r-oldrel-macos-arm64 | 1.8 | 48.00 | OK | |||
r-oldrel-macos-x86_64 | 1.8 | 82.00 | NOTE | |||
r-oldrel-windows-x86_64 | 1.8 | 15.00 | 118.00 | 133.00 | OK |
Version: 1.8
Check: Rd cross-references
Result: NOTE
Undeclared package ‘caret’ in Rd xrefs
Flavor: r-devel-linux-x86_64-fedora-clang
Version: 1.8
Check: Rd cross-references
Result: NOTE
Package unavailable to check Rd xrefs: ‘caret’
Flavor: r-oldrel-macos-x86_64