CRAN Package Check Results for Package GMSE

Last updated on 2021-09-23 12:57:49 CEST.

Flavor Version Tinstall Tcheck Ttotal Status Flags
r-devel-linux-x86_64-debian-clang 0.7.0.0 14.99 81.28 96.27 OK
r-devel-linux-x86_64-debian-gcc 0.7.0.0 12.25 60.90 73.15 OK
r-devel-linux-x86_64-fedora-clang 0.7.0.0 125.61 OK
r-devel-linux-x86_64-fedora-gcc 0.7.0.0 115.38 OK
r-devel-windows-x86_64 0.7.0.0 17.00 69.00 86.00 OK
r-devel-windows-x86_64-gcc10-UCRT 0.7.0.0 ERROR
r-patched-linux-x86_64 0.7.0.0 14.21 82.57 96.78 OK
r-patched-solaris-x86 0.7.0.0 155.80 OK
r-release-linux-x86_64 0.7.0.0 10.56 82.43 92.99 OK
r-release-macos-arm64 0.7.0.0 OK
r-release-macos-x86_64 0.7.0.0 OK
r-release-windows-ix86+x86_64 0.7.0.0 34.00 116.00 150.00 OK
r-oldrel-macos-x86_64 0.7.0.0 OK
r-oldrel-windows-ix86+x86_64 0.7.0.0 28.00 84.00 112.00 OK

Check Details

Version: 0.7.0.0
Check: whether package can be installed
Result: ERROR
    Installation failed.
Flavor: r-devel-windows-x86_64-gcc10-UCRT