Last updated on 2023-09-21 17:55:45 CEST.
Flavor | Version | Tinstall | Tcheck | Ttotal | Status | Flags |
---|---|---|---|---|---|---|
r-devel-linux-x86_64-debian-clang | 0.3.4 | 6.70 | 54.86 | 61.56 | OK | |
r-devel-linux-x86_64-debian-gcc | 0.3.4 | 4.60 | 41.43 | 46.03 | OK | |
r-devel-linux-x86_64-fedora-clang | 0.3.4 | 71.30 | NOTE | |||
r-devel-linux-x86_64-fedora-gcc | 0.3.4 | 80.40 | NOTE | |||
r-devel-windows-x86_64 | 0.3.4 | 4.00 | 79.00 | 83.00 | OK | |
r-patched-linux-x86_64 | 0.3.4 | 5.85 | 51.86 | 57.71 | OK | |
r-release-linux-x86_64 | 0.3.4 | 6.23 | 51.89 | 58.12 | OK | |
r-release-macos-arm64 | 0.3.4 | 62.00 | OK | |||
r-release-macos-x86_64 | 0.3.4 | 73.00 | OK | |||
r-release-windows-x86_64 | 0.3.4 | 6.00 | 86.00 | 92.00 | OK | |
r-oldrel-macos-arm64 | 0.3.4 | 59.00 | NOTE | |||
r-oldrel-macos-x86_64 | 0.3.4 | 69.00 | NOTE | |||
r-oldrel-windows-x86_64 | 0.3.4 | 5.00 | 88.00 | 93.00 | OK |
Version: 0.3.4
Check: data for non-ASCII characters
Result: NOTE
Note: found 3 marked UTF-8 strings
Flavors: r-devel-linux-x86_64-fedora-clang, r-devel-linux-x86_64-fedora-gcc, r-oldrel-macos-arm64, r-oldrel-macos-x86_64