Last updated on 2023-06-10 00:54:46 CEST.
Flavor | Version | Tinstall | Tcheck | Ttotal | Status | Flags |
---|---|---|---|---|---|---|
r-devel-linux-x86_64-debian-clang | 1.0.2.1 | 17.29 | 125.00 | 142.29 | OK | |
r-devel-linux-x86_64-debian-gcc | 1.0.2.1 | 14.85 | 93.32 | 108.17 | OK | |
r-devel-linux-x86_64-fedora-clang | 1.0.2.1 | 171.81 | NOTE | |||
r-devel-linux-x86_64-fedora-gcc | 1.0.2.1 | 165.73 | NOTE | |||
r-devel-windows-x86_64 | 1.0.2.1 | 17.00 | 116.00 | 133.00 | OK | |
r-patched-linux-x86_64 | 1.0.2.1 | 16.06 | 115.24 | 131.30 | OK | |
r-release-linux-x86_64 | 1.0.2.1 | 17.19 | 116.23 | 133.42 | OK | |
r-release-macos-arm64 | 1.0.2.1 | 60.00 | OK | |||
r-release-macos-x86_64 | 1.0.2.1 | 98.00 | OK | |||
r-release-windows-x86_64 | 1.0.2.1 | 20.00 | 143.00 | 163.00 | OK | |
r-oldrel-macos-arm64 | 1.0.2.1 | 64.00 | NOTE | |||
r-oldrel-macos-x86_64 | 1.0.2.1 | 87.00 | NOTE | |||
r-oldrel-windows-x86_64 | 1.0.2.1 | 21.00 | 150.00 | 171.00 | OK |
Version: 1.0.2.1
Check: dependencies in R code
Result: NOTE
Namespaces in Imports field not imported from:
‘base’ ‘methods’
All declared Imports should be used.
Flavors: r-devel-linux-x86_64-fedora-clang, r-devel-linux-x86_64-fedora-gcc, r-oldrel-macos-arm64, r-oldrel-macos-x86_64