CRAN Package Check Results for Package GPArotation

Last updated on 2021-10-19 16:50:32 CEST.

Flavor Version Tinstall Tcheck Ttotal Status Flags
r-devel-linux-x86_64-debian-clang 2014.11-1 3.04 43.39 46.43 NOTE
r-devel-linux-x86_64-debian-gcc 2014.11-1 2.16 31.46 33.62 NOTE
r-devel-linux-x86_64-fedora-clang 2014.11-1 63.85 NOTE
r-devel-linux-x86_64-fedora-gcc 2014.11-1 397.73 NOTE
r-devel-windows-x86_64 2014.11-1 4.00 62.00 66.00 NOTE
r-devel-windows-x86_64-gcc10-UCRT 2014.11-1 NOTE
r-patched-linux-x86_64 2014.11-1 2.74 39.71 42.45 NOTE
r-patched-solaris-x86 2014.11-1 78.30 NOTE
r-release-linux-x86_64 2014.11-1 2.42 41.36 43.78 NOTE
r-release-macos-arm64 2014.11-1 NOTE
r-release-macos-x86_64 2014.11-1 NOTE
r-release-windows-ix86+x86_64 2014.11-1 6.00 61.00 67.00 NOTE
r-oldrel-macos-x86_64 2014.11-1 NOTE
r-oldrel-windows-ix86+x86_64 2014.11-1 5.00 59.00 64.00 NOTE

Check Details

Version: 2014.11-1
Check: R code for possible problems
Result: NOTE
    Random.Start: no visible global function definition for 'rnorm'
    Undefined global functions or variables:
     rnorm
    Consider adding
     importFrom("stats", "rnorm")
    to your NAMESPACE file.
Flavors: r-devel-linux-x86_64-debian-clang, r-devel-linux-x86_64-debian-gcc, r-devel-linux-x86_64-fedora-clang, r-devel-linux-x86_64-fedora-gcc, r-devel-windows-x86_64, r-devel-windows-x86_64-gcc10-UCRT, r-patched-linux-x86_64, r-patched-solaris-x86, r-release-linux-x86_64, r-release-macos-arm64, r-release-macos-x86_64, r-release-windows-ix86+x86_64, r-oldrel-macos-x86_64, r-oldrel-windows-ix86+x86_64