Last updated on 2023-12-03 00:56:44 CET.
Flavor | Version | Tinstall | Tcheck | Ttotal | Status | Flags |
---|---|---|---|---|---|---|
r-devel-linux-x86_64-debian-clang | 0.1.0-5.1 | 209.44 | 48.48 | 257.92 | OK | |
r-devel-linux-x86_64-debian-gcc | 0.1.0-5.1 | 165.41 | 40.49 | 205.90 | OK | |
r-devel-linux-x86_64-fedora-clang | 0.1.0-5.1 | 308.71 | OK | |||
r-devel-linux-x86_64-fedora-gcc | 0.1.0-5.1 | 383.86 | OK | |||
r-devel-windows-x86_64 | 0.1.0-5.1 | 127.00 | 92.00 | 219.00 | OK | |
r-patched-linux-x86_64 | 0.1.0-5.1 | 170.19 | 51.53 | 221.72 | OK | |
r-release-linux-x86_64 | 0.1.0-5.1 | 178.65 | 52.14 | 230.79 | OK | |
r-release-macos-arm64 | 0.1.0-5.1 | 90.00 | NOTE | |||
r-release-macos-x86_64 | 0.1.0-5.1 | 152.00 | NOTE | |||
r-release-windows-x86_64 | 0.1.0-5.1 | 164.00 | 101.00 | 265.00 | OK | |
r-oldrel-macos-arm64 | 0.1.0-5.1 | 95.00 | NOTE | |||
r-oldrel-macos-x86_64 | 0.1.0-5.1 | 108.00 | NOTE | |||
r-oldrel-windows-x86_64 | 0.1.0-5.1 | 152.00 | 91.00 | 243.00 | OK |
Version: 0.1.0-5.1
Check: installed package size
Result: NOTE
installed size is 30.2Mb
sub-directories of 1Mb or more:
libs 29.8Mb
Flavors: r-release-macos-arm64, r-release-macos-x86_64, r-oldrel-macos-arm64, r-oldrel-macos-x86_64