CRAN Package Check Results for Package GPCMlasso

Last updated on 2023-05-28 23:14:00 CEST.

Flavor Version Tinstall Tcheck Ttotal Status Flags
r-devel-linux-x86_64-debian-clang 0.1-6 61.89 245.97 307.86 NOTE
r-devel-linux-x86_64-debian-gcc 0.1-6 53.47 169.16 222.63 NOTE
r-devel-linux-x86_64-fedora-clang 0.1-6 402.40 NOTE
r-devel-linux-x86_64-fedora-gcc 0.1-6 388.30 NOTE
r-devel-windows-x86_64 0.1-6 46.00 183.00 229.00 NOTE
r-patched-linux-x86_64 0.1-6 44.72 214.81 259.53 NOTE
r-release-linux-x86_64 0.1-6 38.22 213.69 251.91 NOTE
r-release-macos-arm64 0.1-6 103.00 NOTE
r-release-macos-x86_64 0.1-6 172.00 NOTE
r-release-windows-x86_64 0.1-6 65.00 222.00 287.00 NOTE
r-oldrel-macos-arm64 0.1-6 93.00 OK
r-oldrel-macos-x86_64 0.1-6 128.00 OK
r-oldrel-windows-x86_64 0.1-6 61.00 212.00 273.00 OK

Check Details

Version: 0.1-6
Check: package dependencies
Result: NOTE
    Package suggested but not available for checking: ‘gvcm.cat’
Flavors: r-devel-linux-x86_64-debian-clang, r-devel-linux-x86_64-debian-gcc, r-devel-linux-x86_64-fedora-clang, r-devel-linux-x86_64-fedora-gcc, r-devel-windows-x86_64, r-patched-linux-x86_64, r-release-linux-x86_64, r-release-macos-arm64, r-release-macos-x86_64

Version: 0.1-6
Check: C++ specification
Result: NOTE
     Specified C++11: please drop specification unless essential
Flavors: r-devel-linux-x86_64-debian-clang, r-devel-linux-x86_64-debian-gcc, r-devel-linux-x86_64-fedora-clang, r-devel-linux-x86_64-fedora-gcc, r-devel-windows-x86_64, r-patched-linux-x86_64, r-release-linux-x86_64, r-release-macos-arm64, r-release-macos-x86_64, r-release-windows-x86_64

Version: 0.1-6
Check: Rd cross-references
Result: NOTE
    Unknown package ‘gvcm.cat’ in Rd xrefs
Flavors: r-devel-linux-x86_64-debian-clang, r-devel-linux-x86_64-debian-gcc, r-devel-linux-x86_64-fedora-clang, r-devel-linux-x86_64-fedora-gcc, r-devel-windows-x86_64, r-patched-linux-x86_64, r-release-linux-x86_64, r-release-macos-arm64, r-release-macos-x86_64