Last updated on 2024-03-27 23:59:45 CET.
Flavor | Version | Tinstall | Tcheck | Ttotal | Status | Flags |
---|---|---|---|---|---|---|
r-devel-linux-x86_64-debian-clang | 0.1.1 | 10.04 | 113.15 | 123.19 | NOTE | |
r-devel-linux-x86_64-debian-gcc | 0.1.1 | 11.42 | 84.67 | 96.09 | NOTE | |
r-devel-linux-x86_64-fedora-clang | 0.1.1 | 160.85 | NOTE | |||
r-devel-linux-x86_64-fedora-gcc | 0.1.1 | 150.72 | NOTE | |||
r-devel-windows-x86_64 | 0.1.1 | 11.00 | 92.00 | 103.00 | NOTE | |
r-patched-linux-x86_64 | 0.1.1 | 8.24 | 111.32 | 119.56 | NOTE | |
r-release-linux-x86_64 | 0.1.1 | 13.35 | 111.22 | 124.57 | NOTE | |
r-release-macos-arm64 | 0.1.1 | 50.00 | NOTE | |||
r-release-macos-x86_64 | 0.1.1 | 78.00 | NOTE | |||
r-release-windows-x86_64 | 0.1.1 | 15.00 | 113.00 | 128.00 | NOTE | |
r-oldrel-macos-arm64 | 0.1.1 | 43.00 | NOTE | |||
r-oldrel-windows-x86_64 | 0.1.1 | 16.00 | 121.00 | 137.00 | NOTE |
Version: 0.1.1
Check: LazyData
Result: NOTE
'LazyData' is specified without a 'data' directory
Flavors: r-devel-linux-x86_64-debian-clang, r-devel-linux-x86_64-debian-gcc, r-devel-linux-x86_64-fedora-clang, r-devel-linux-x86_64-fedora-gcc, r-devel-windows-x86_64, r-patched-linux-x86_64, r-release-linux-x86_64, r-release-macos-arm64, r-release-macos-x86_64, r-release-windows-x86_64, r-oldrel-macos-arm64, r-oldrel-windows-x86_64