Last updated on 2024-04-18 01:02:55 CEST.
Flavor | Version | Tinstall | Tcheck | Ttotal | Status | Flags |
---|---|---|---|---|---|---|
r-devel-linux-x86_64-debian-clang | 1.4 | 10.71 | 785.04 | 795.75 | OK | |
r-devel-linux-x86_64-debian-gcc | 1.4 | 8.67 | 542.42 | 551.09 | OK | |
r-devel-linux-x86_64-fedora-clang | 1.4 | 957.57 | NOTE | |||
r-devel-linux-x86_64-fedora-gcc | 1.4 | 936.55 | OK | |||
r-prerel-macos-arm64 | 1.4 | 216.00 | NOTE | |||
r-prerel-windows-x86_64 | 1.4 | 11.00 | 113.00 | 124.00 | NOTE | --no-vignettes |
r-patched-linux-x86_64 | 1.4 | 12.16 | 756.21 | 768.37 | OK | |
r-release-linux-x86_64 | 1.4 | 10.42 | 743.22 | 753.64 | OK | |
r-release-macos-arm64 | 1.4 | 212.00 | NOTE | |||
r-release-macos-x86_64 | 1.4 | 551.00 | NOTE | |||
r-release-windows-x86_64 | 1.4 | 14.00 | 144.00 | 158.00 | NOTE | --no-vignettes |
r-oldrel-macos-arm64 | 1.4 | 205.00 | NOTE | |||
r-oldrel-windows-x86_64 | 1.4 | 14.00 | 140.00 | 154.00 | NOTE | --no-vignettes |
Version: 1.4
Check: installed package size
Result: NOTE
installed size is 5.3Mb
sub-directories of 1Mb or more:
data 1.4Mb
doc 3.5Mb
Flavors: r-devel-linux-x86_64-fedora-clang, r-prerel-macos-arm64, r-release-macos-arm64, r-release-macos-x86_64, r-oldrel-macos-arm64
Version: 1.4
Flags: --no-vignettes
Check: installed package size
Result: NOTE
installed size is 5.2Mb
sub-directories of 1Mb or more:
data 1.4Mb
doc 3.5Mb
Flavors: r-prerel-windows-x86_64, r-release-windows-x86_64, r-oldrel-windows-x86_64