Last updated on 2024-03-28 15:49:49 CET.
Flavor | Version | Tinstall | Tcheck | Ttotal | Status | Flags |
---|---|---|---|---|---|---|
r-devel-linux-x86_64-debian-clang | 0.1.7 | 137.93 | 69.62 | 207.55 | OK | |
r-devel-linux-x86_64-debian-gcc | 0.1.7 | 108.84 | 51.40 | 160.24 | OK | |
r-devel-linux-x86_64-fedora-clang | 0.1.7 | 347.19 | OK | |||
r-devel-linux-x86_64-fedora-gcc | 0.1.7 | 322.31 | OK | |||
r-devel-windows-x86_64 | 0.1.7 | 110.00 | 96.00 | 206.00 | OK | |
r-patched-linux-x86_64 | 0.1.7 | 144.80 | 67.43 | 212.23 | OK | |
r-release-linux-x86_64 | 0.1.7 | 137.99 | 64.70 | 202.69 | OK | |
r-release-macos-arm64 | 0.1.7 | 68.00 | NOTE | |||
r-release-macos-x86_64 | 0.1.7 | 105.00 | NOTE | |||
r-release-windows-x86_64 | 0.1.7 | 138.00 | 108.00 | 246.00 | OK | |
r-oldrel-macos-arm64 | 0.1.7 | 65.00 | NOTE | |||
r-oldrel-windows-x86_64 | 0.1.7 | 130.00 | 104.00 | 234.00 | OK |
Version: 0.1.7
Check: installed package size
Result: NOTE
installed size is 5.7Mb
sub-directories of 1Mb or more:
libs 5.2Mb
Flavors: r-release-macos-arm64, r-release-macos-x86_64, r-oldrel-macos-arm64