Last updated on 2024-04-28 16:52:51 CEST.
Flavor | Version | Tinstall | Tcheck | Ttotal | Status | Flags |
---|---|---|---|---|---|---|
r-devel-linux-x86_64-debian-clang | 1.0.0 | 16.93 | 187.52 | 204.45 | NOTE | |
r-devel-linux-x86_64-debian-gcc | 1.0.0 | 15.31 | 134.32 | 149.63 | NOTE | |
r-devel-linux-x86_64-fedora-clang | 1.0.0 | 254.26 | NOTE | |||
r-devel-linux-x86_64-fedora-gcc | 1.0.0 | 244.70 | NOTE | |||
r-devel-windows-x86_64 | 1.0.0 | 18.00 | 141.00 | 159.00 | NOTE | |
r-patched-linux-x86_64 | 1.0.0 | 21.21 | 172.84 | 194.05 | NOTE | |
r-release-linux-x86_64 | 1.0.0 | 12.10 | 170.07 | 182.17 | OK | |
r-release-macos-arm64 | 1.0.0 | 75.00 | NOTE | |||
r-release-windows-x86_64 | 1.0.0 | 18.00 | 140.00 | 158.00 | NOTE | |
r-oldrel-macos-arm64 | 1.0.0 | 76.00 | OK | |||
r-oldrel-macos-x86_64 | 1.0.0 | 153.00 | OK | |||
r-oldrel-windows-x86_64 | 1.0.0 | 23.00 | 174.00 | 197.00 | OK |
Version: 1.0.0
Check: Rd files
Result: NOTE
checkRd: (-1) runGRM.Rd:24: Lost braces
24 | from \code{\link{mirt}} or code{\linkS4class{lavaan}} from from
| ^
Flavors: r-devel-linux-x86_64-debian-clang, r-devel-linux-x86_64-debian-gcc, r-devel-linux-x86_64-fedora-clang, r-devel-linux-x86_64-fedora-gcc, r-devel-windows-x86_64, r-patched-linux-x86_64, r-release-macos-arm64, r-release-windows-x86_64
Version: 1.0.0
Check: package dependencies
Result: NOTE
Imports includes 21 non-default packages.
Importing from so many packages makes the package vulnerable to any of
them becoming unavailable. Move as many as possible to Suggests and
use conditionally.
Flavor: r-devel-linux-x86_64-fedora-clang