CRAN Package Check Results for Package GSE

Last updated on 2022-06-25 00:50:47 CEST.

Flavor Version Tinstall Tcheck Ttotal Status Flags
r-devel-linux-x86_64-debian-clang 4.2 92.39 88.20 180.59 WARN
r-devel-linux-x86_64-debian-gcc 4.2 74.75 64.87 139.62 OK
r-devel-linux-x86_64-fedora-clang 4.2 266.75 WARN
r-devel-linux-x86_64-fedora-gcc 4.2 235.39 OK
r-devel-windows-x86_64 4.2 78.00 135.00 213.00 OK
r-patched-linux-x86_64 4.2 74.78 81.53 156.31 OK
r-release-linux-x86_64 4.2 80.38 81.23 161.61 OK
r-release-macos-arm64 4.2 62.00 NOTE
r-release-macos-x86_64 4.2 113.00 OK
r-release-windows-x86_64 4.2 88.00 143.00 231.00 OK
r-oldrel-macos-arm64 4.2 72.00 NOTE
r-oldrel-macos-x86_64 4.2 102.00 OK
r-oldrel-windows-ix86+x86_64 4.2 230.00 146.00 376.00 OK

Additional issues

clang14

Check Details

Version: 4.2
Check: whether package can be installed
Result: WARN
    Found the following significant warnings:
     cov-em.cpp:169:7: warning: use of bitwise '&' with boolean operands [-Wbitwise-instead-of-logical]
     cov-em.cpp:174:12: warning: use of bitwise '&' with boolean operands [-Wbitwise-instead-of-logical]
Flavors: r-devel-linux-x86_64-debian-clang, r-devel-linux-x86_64-fedora-clang

Version: 4.2
Check: installed package size
Result: NOTE
     installed size is 5.0Mb
     sub-directories of 1Mb or more:
     libs 4.5Mb
Flavors: r-release-macos-arm64, r-oldrel-macos-arm64