Last updated on 2023-09-23 16:54:03 CEST.
Flavor | Version | Tinstall | Tcheck | Ttotal | Status | Flags |
---|---|---|---|---|---|---|
r-devel-linux-x86_64-debian-clang | 1.8 | 48.13 | 177.27 | 225.40 | OK | |
r-devel-linux-x86_64-debian-gcc | 1.8 | 30.73 | 140.11 | 170.84 | OK | |
r-devel-linux-x86_64-fedora-clang | 1.8 | 278.42 | NOTE | |||
r-devel-linux-x86_64-fedora-gcc | 1.8 | 326.99 | OK | |||
r-devel-windows-x86_64 | 1.8 | 38.00 | 157.00 | 195.00 | OK | |
r-patched-linux-x86_64 | 1.8 | 54.25 | 167.46 | 221.71 | OK | |
r-release-linux-x86_64 | 1.8 | 46.66 | 168.66 | 215.32 | OK | |
r-release-macos-arm64 | 1.8 | 107.00 | OK | |||
r-release-macos-x86_64 | 1.8 | 181.00 | OK | |||
r-release-windows-x86_64 | 1.8 | 48.00 | 188.00 | 236.00 | OK | |
r-oldrel-macos-arm64 | 1.8 | 87.00 | OK | |||
r-oldrel-macos-x86_64 | 1.8 | 117.00 | OK | |||
r-oldrel-windows-x86_64 | 1.8 | 47.00 | 191.00 | 238.00 | OK |
Version: 1.8
Check: Rd cross-references
Result: NOTE
Undeclared package ‘permute’ in Rd xrefs
Flavor: r-devel-linux-x86_64-fedora-clang