CRAN Package Check Results for Package GUniFrac

Last updated on 2024-07-23 08:49:07 CEST.

Flavor Version Tinstall Tcheck Ttotal Status Flags
r-devel-linux-x86_64-debian-clang 1.8 36.36 172.74 209.10 OK
r-devel-linux-x86_64-debian-gcc 1.8 24.97 122.33 147.30 NOTE
r-devel-linux-x86_64-fedora-clang 1.8 285.33 NOTE
r-devel-linux-x86_64-fedora-gcc 1.8 320.79 OK
r-devel-windows-x86_64 1.8 34.00 147.00 181.00 NOTE
r-patched-linux-x86_64 1.8 47.78 163.45 211.23 OK
r-release-linux-x86_64 1.8 25.28 165.59 190.87 OK
r-release-macos-arm64 1.8 80.00 OK
r-release-macos-x86_64 1.8 115.00 OK
r-release-windows-x86_64 1.8 38.00 150.00 188.00 OK
r-oldrel-macos-arm64 1.8 107.00 OK
r-oldrel-macos-x86_64 1.8 181.00 OK
r-oldrel-windows-x86_64 1.8 41.00 192.00 233.00 OK

Check Details

Version: 1.8
Check: Rd cross-references
Result: NOTE Found the following Rd file(s) with Rd \link{} targets missing package anchors: adonis3.Rd: vegdist, permustats dmanova.Rd: vegdist, nearPD Please provide package anchors for all Rd \link{} targets not in the package itself and the base packages. Flavors: r-devel-linux-x86_64-debian-gcc, r-devel-windows-x86_64

Version: 1.8
Check: Rd cross-references
Result: NOTE Undeclared package ‘permute’ in Rd xrefs Flavor: r-devel-linux-x86_64-fedora-clang