CRAN Package Check Results for Package GWASinlps

Last updated on 2023-09-21 17:55:45 CEST.

Flavor Version Tinstall Tcheck Ttotal Status Flags
r-devel-linux-x86_64-debian-clang 2.2 38.31 127.97 166.28 NOTE
r-devel-linux-x86_64-debian-gcc 2.2 26.27 91.36 117.63 NOTE
r-devel-linux-x86_64-fedora-clang 2.2 215.29 NOTE
r-devel-linux-x86_64-fedora-gcc 2.2 208.22 NOTE
r-devel-windows-x86_64 2.2 34.00 118.00 152.00 NOTE
r-patched-linux-x86_64 2.2 31.69 119.46 151.15 NOTE
r-release-linux-x86_64 2.2 28.31 118.21 146.52 NOTE
r-release-macos-arm64 2.2 55.00 NOTE
r-release-macos-x86_64 2.2 90.00 NOTE
r-release-windows-x86_64 2.2 45.00 143.00 188.00 NOTE
r-oldrel-macos-arm64 2.2 43.00 OK
r-oldrel-macos-x86_64 2.2 68.00 OK
r-oldrel-windows-x86_64 2.2 43.00 135.00 178.00 NOTE

Check Details

Version: 2.2
Check: C++ specification
Result: NOTE
     Specified C++11: please drop specification unless essential
Flavors: r-devel-linux-x86_64-debian-clang, r-devel-linux-x86_64-debian-gcc, r-devel-linux-x86_64-fedora-clang, r-devel-linux-x86_64-fedora-gcc, r-devel-windows-x86_64, r-patched-linux-x86_64, r-release-linux-x86_64, r-release-macos-arm64, r-release-macos-x86_64, r-release-windows-x86_64

Version: 2.2
Check: HTML version of manual
Result: NOTE
    Found the following problems:
    GWASinlps.Rd:187:1: Warning: trimming empty <h4>
Flavor: r-oldrel-windows-x86_64