CRAN Package Check Results for Package GWASinspector

Last updated on 2021-12-02 08:51:11 CET.

Flavor Version Tinstall Tcheck Ttotal Status Flags
r-devel-linux-x86_64-debian-clang 1.5.2 17.08 118.80 135.88 NOTE
r-devel-linux-x86_64-debian-gcc 1.5.2 13.58 87.10 100.68 NOTE
r-devel-linux-x86_64-fedora-clang 1.5.2 180.65 NOTE
r-devel-linux-x86_64-fedora-gcc 1.5.2 157.90 NOTE
r-devel-windows-x86_64-new-UL 1.5.2 38.00 169.00 207.00 NOTE
r-devel-windows-x86_64-new-TK 1.5.2 NOTE
r-devel-windows-x86_64-old 1.5.2 30.00 111.00 141.00 NOTE
r-patched-linux-x86_64 1.5.2 15.19 106.00 121.19 NOTE
r-patched-solaris-x86 1.5.2 195.40 NOTE
r-release-linux-x86_64 1.5.2 15.80 103.16 118.96 NOTE
r-release-macos-arm64 1.5.2 NOTE
r-release-macos-x86_64 1.5.2 NOTE
r-release-windows-ix86+x86_64 1.5.2 37.00 127.00 164.00 NOTE
r-oldrel-macos-x86_64 1.5.2 OK
r-oldrel-windows-ix86+x86_64 1.5.2 37.00 128.00 165.00 OK

Check Details

Version: 1.5.2
Check: LazyData
Result: NOTE
     'LazyData' is specified without a 'data' directory
Flavors: r-devel-linux-x86_64-debian-clang, r-devel-linux-x86_64-debian-gcc, r-devel-linux-x86_64-fedora-clang, r-devel-linux-x86_64-fedora-gcc, r-devel-windows-x86_64-new-UL, r-devel-windows-x86_64-new-TK, r-devel-windows-x86_64-old, r-patched-linux-x86_64, r-patched-solaris-x86, r-release-linux-x86_64, r-release-macos-arm64, r-release-macos-x86_64, r-release-windows-ix86+x86_64