Last updated on 2023-11-28 16:48:20 CET.
Flavor | Version | Tinstall | Tcheck | Ttotal | Status | Flags |
---|---|---|---|---|---|---|
r-devel-linux-x86_64-debian-clang | 0.2.1 | 21.56 | 334.80 | 356.36 | NOTE | |
r-devel-linux-x86_64-debian-gcc | 0.2.1 | 17.70 | 204.88 | 222.58 | NOTE | |
r-devel-linux-x86_64-fedora-clang | 0.2.1 | 400.43 | NOTE | |||
r-devel-linux-x86_64-fedora-gcc | 0.2.1 | 366.37 | NOTE | |||
r-devel-windows-x86_64 | 0.2.1 | 18.00 | 201.00 | 219.00 | OK | |
r-patched-linux-x86_64 | 0.2.1 | 21.82 | 268.55 | 290.37 | NOTE | |
r-release-linux-x86_64 | 0.2.1 | 20.84 | 265.73 | 286.57 | NOTE | |
r-release-macos-arm64 | 0.2.1 | 119.00 | OK | |||
r-release-macos-x86_64 | 0.2.1 | 210.00 | OK | |||
r-release-windows-x86_64 | 0.2.1 | 24.00 | 258.00 | 282.00 | OK | |
r-oldrel-macos-arm64 | 0.2.1 | 146.00 | OK | |||
r-oldrel-macos-x86_64 | 0.2.1 | 204.00 | OK | |||
r-oldrel-windows-x86_64 | 0.2.1 | 24.00 | 249.00 | 273.00 | OK |
Version: 0.2.1
Check: package dependencies
Result: NOTE
Package suggested but not available for checking: ‘rgeos’
Flavors: r-devel-linux-x86_64-debian-clang, r-devel-linux-x86_64-debian-gcc, r-devel-linux-x86_64-fedora-clang, r-devel-linux-x86_64-fedora-gcc, r-patched-linux-x86_64, r-release-linux-x86_64