CRAN Package Check Results for Package GWmodel

Last updated on 2021-12-02 20:51:31 CET.

Flavor Version Tinstall Tcheck Ttotal Status Flags
r-devel-linux-x86_64-debian-clang 2.2-8 89.97 374.28 464.25 OK
r-devel-linux-x86_64-debian-gcc 2.2-8 73.70 272.06 345.76 OK
r-devel-linux-x86_64-fedora-clang 2.2-8 602.08 NOTE
r-devel-linux-x86_64-fedora-gcc 2.2-8 561.08 OK
r-devel-windows-x86_64-new-UL 2.2-8 130.00 447.00 577.00 OK
r-devel-windows-x86_64-new-TK 2.2-8 OK
r-devel-windows-x86_64-old 2.2-8 128.00 317.00 445.00 OK
r-patched-linux-x86_64 2.2-8 83.02 357.51 440.53 OK
r-patched-solaris-x86 2.2-8 627.60 OK
r-release-linux-x86_64 2.2-8 82.68 350.67 433.35 OK
r-release-macos-arm64 2.2-8 NOTE
r-release-macos-x86_64 2.2-8 NOTE
r-release-windows-ix86+x86_64 2.2-8 216.00 586.00 802.00 NOTE
r-oldrel-macos-x86_64 2.2-8 NOTE
r-oldrel-windows-ix86+x86_64 2.2-8 216.00 624.00 840.00 NOTE

Check Details

Version: 2.2-8
Check: installed package size
Result: NOTE
     installed size is 6.4Mb
     sub-directories of 1Mb or more:
     data 1.5Mb
     libs 4.0Mb
Flavors: r-devel-linux-x86_64-fedora-clang, r-release-macos-arm64, r-release-macos-x86_64, r-release-windows-ix86+x86_64, r-oldrel-macos-x86_64, r-oldrel-windows-ix86+x86_64