CRAN Package Check Results for Package GenBinomApps

Last updated on 2021-10-27 00:51:04 CEST.

Flavor Version Tinstall Tcheck Ttotal Status Flags
r-devel-linux-x86_64-debian-clang 1.1 2.06 23.03 25.09 OK
r-devel-linux-x86_64-debian-gcc 1.1 1.65 18.50 20.15 OK
r-devel-linux-x86_64-fedora-clang 1.1 42.83 NOTE
r-devel-linux-x86_64-fedora-gcc 1.1 31.47 OK
r-devel-windows-x86_64 1.1 4.00 41.00 45.00 OK
r-devel-windows-x86_64-gcc10-UCRT 1.1 OK
r-patched-linux-x86_64 1.1 2.19 22.76 24.95 OK
r-patched-solaris-x86 1.1 49.00 OK
r-release-linux-x86_64 1.1 1.58 22.65 24.23 OK
r-release-macos-arm64 1.1 OK
r-release-macos-x86_64 1.1 OK
r-release-windows-ix86+x86_64 1.1 4.00 41.00 45.00 OK
r-oldrel-macos-x86_64 1.1 OK
r-oldrel-windows-ix86+x86_64 1.1 5.00 38.00 43.00 OK

Check Details

Version: 1.1
Check: Rd cross-references
Result: NOTE
    Undeclared package ‘poibin’ in Rd xrefs
Flavor: r-devel-linux-x86_64-fedora-clang