Last updated on 2023-06-05 16:54:55 CEST.
Flavor | Version | Tinstall | Tcheck | Ttotal | Status | Flags |
---|---|---|---|---|---|---|
r-devel-linux-x86_64-debian-clang | 0.5-2 | 46.90 | 127.65 | 174.55 | OK | |
r-devel-linux-x86_64-debian-gcc | 0.5-2 | 33.81 | 97.60 | 131.41 | OK | |
r-devel-linux-x86_64-fedora-clang | 0.5-2 | 228.91 | OK | |||
r-devel-linux-x86_64-fedora-gcc | 0.5-2 | 234.35 | OK | |||
r-devel-windows-x86_64 | 0.5-2 | 36.00 | 130.00 | 166.00 | OK | |
r-patched-linux-x86_64 | 0.5-2 | 44.83 | 129.05 | 173.88 | OK | |
r-release-linux-x86_64 | 0.5-2 | 34.65 | 127.54 | 162.19 | OK | |
r-release-macos-arm64 | 0.5-2 | 69.00 | NOTE | |||
r-release-macos-x86_64 | 0.5-2 | 111.00 | OK | |||
r-release-windows-x86_64 | 0.5-2 | 47.00 | 162.00 | 209.00 | OK | |
r-oldrel-macos-arm64 | 0.5-2 | 56.00 | OK | |||
r-oldrel-macos-x86_64 | 0.5-2 | 78.00 | NOTE | |||
r-oldrel-windows-x86_64 | 0.5-2 | 43.00 | 153.00 | 196.00 | OK |
Version: 0.5-2
Check: installed package size
Result: NOTE
installed size is 5.2Mb
sub-directories of 1Mb or more:
doc 1.4Mb
libs 3.7Mb
Flavors: r-release-macos-arm64, r-oldrel-macos-x86_64