Last updated on 2023-06-02 18:52:45 CEST.
Flavor | Version | Tinstall | Tcheck | Ttotal | Status | Flags |
---|---|---|---|---|---|---|
r-devel-linux-x86_64-debian-clang | 0.1.5.9 | 12.24 | 110.41 | 122.65 | OK | |
r-devel-linux-x86_64-debian-gcc | 0.1.5.9 | 10.40 | 82.30 | 92.70 | OK | |
r-devel-linux-x86_64-fedora-clang | 0.1.5.9 | 152.04 | OK | |||
r-devel-linux-x86_64-fedora-gcc | 0.1.5.9 | 187.18 | OK | |||
r-devel-windows-x86_64 | 0.1.5.9 | 13.00 | 102.00 | 115.00 | OK | |
r-patched-linux-x86_64 | 0.1.5.9 | OK | ||||
r-release-linux-x86_64 | 0.1.5.9 | 12.81 | 102.40 | 115.21 | OK | |
r-release-macos-arm64 | 0.1.5.9 | 6.00 | ERROR | |||
r-release-macos-x86_64 | 0.1.5.9 | 48.00 | OK | |||
r-release-windows-x86_64 | 0.1.5.9 | 12.00 | 118.00 | 130.00 | OK | |
r-oldrel-macos-x86_64 | 0.1.5.9 | 59.00 | OK | |||
r-oldrel-windows-x86_64 | 0.1.5.9 | 16.00 | 114.00 | 130.00 | OK |
Version: 0.1.5.9
Check: package dependencies
Result: ERROR
Package required but not available: ‘snpStats’
See section ‘The DESCRIPTION file’ in the ‘Writing R Extensions’
manual.
Flavor: r-release-macos-arm64