CRAN Package Check Results for Package GenomicTools.fileHandler

Last updated on 2024-06-17 08:51:07 CEST.

Flavor Version Tinstall Tcheck Ttotal Status Flags
r-devel-linux-x86_64-debian-clang 0.1.5.9 13.22 106.12 119.34 OK
r-devel-linux-x86_64-debian-gcc 0.1.5.9 8.96 77.41 86.37 OK
r-devel-linux-x86_64-fedora-clang 0.1.5.9 145.01 OK
r-devel-linux-x86_64-fedora-gcc 0.1.5.9 148.77 OK
r-devel-windows-x86_64 0.1.5.9 10.00 96.00 106.00 OK
r-patched-linux-x86_64 0.1.5.9 10.20 101.95 112.15 OK
r-release-linux-x86_64 0.1.5.9 12.18 99.32 111.50 OK
r-release-macos-arm64 0.1.5.9 45.00 OK
r-release-macos-x86_64 0.1.5.9 105.00 OK
r-release-windows-x86_64 0.1.5.9 11.00 101.00 112.00 OK
r-oldrel-macos-arm64 0.1.5.9 6.00 ERROR
r-oldrel-macos-x86_64 0.1.5.9 48.00 OK
r-oldrel-windows-x86_64 0.1.5.9 13.00 119.00 132.00 OK

Check Details

Version: 0.1.5.9
Check: package dependencies
Result: ERROR Package required but not available: ‘snpStats’ See section ‘The DESCRIPTION file’ in the ‘Writing R Extensions’ manual. Flavor: r-oldrel-macos-arm64