Last updated on 2024-08-17 16:48:12 CEST.
Flavor | Version | Tinstall | Tcheck | Ttotal | Status | Flags |
---|---|---|---|---|---|---|
r-devel-linux-x86_64-debian-clang | 2.0.0 | 89.99 | 49.43 | 139.42 | OK | |
r-devel-linux-x86_64-debian-gcc | 2.0.0 | 72.11 | 38.14 | 110.25 | OK | |
r-devel-linux-x86_64-fedora-clang | 2.0.0 | 214.16 | OK | |||
r-devel-linux-x86_64-fedora-gcc | 2.0.0 | 290.17 | OK | |||
r-devel-windows-x86_64 | 2.0.0 | 82.00 | 89.00 | 171.00 | NOTE | |
r-patched-linux-x86_64 | 2.0.0 | 99.50 | 51.24 | 150.74 | OK | |
r-release-linux-x86_64 | 2.0.0 | 102.21 | 50.00 | 152.21 | OK | |
r-release-macos-arm64 | 2.0.0 | 61.00 | NOTE | |||
r-release-macos-x86_64 | 2.0.0 | 104.00 | NOTE | |||
r-release-windows-x86_64 | 2.0.0 | 81.00 | 92.00 | 173.00 | NOTE | |
r-oldrel-macos-arm64 | 2.0.0 | 59.00 | NOTE | |||
r-oldrel-macos-x86_64 | 2.0.0 | 137.00 | NOTE | |||
r-oldrel-windows-x86_64 | 2.0.0 | 106.00 | 112.00 | 218.00 | NOTE |
Version: 2.0.0
Check: installed package size
Result: NOTE
installed size is 13.5Mb
sub-directories of 1Mb or more:
libs 12.8Mb
Flavors: r-devel-windows-x86_64, r-release-macos-arm64, r-release-macos-x86_64, r-release-windows-x86_64, r-oldrel-macos-arm64, r-oldrel-macos-x86_64, r-oldrel-windows-x86_64