Last updated on 2023-09-23 00:53:53 CEST.
Flavor | Version | Tinstall | Tcheck | Ttotal | Status | Flags |
---|---|---|---|---|---|---|
r-devel-linux-x86_64-debian-clang | 1.1.2 | 70.53 | 231.20 | 301.73 | OK | |
r-devel-linux-x86_64-debian-gcc | 1.1.2 | 62.87 | 171.77 | 234.64 | OK | |
r-devel-linux-x86_64-fedora-clang | 1.1.2 | 384.64 | OK | |||
r-devel-linux-x86_64-fedora-gcc | 1.1.2 | 421.89 | OK | |||
r-devel-windows-x86_64 | 1.1.2 | 68.00 | 208.00 | 276.00 | OK | |
r-patched-linux-x86_64 | 1.1.2 | 84.02 | 225.65 | 309.67 | OK | |
r-release-linux-x86_64 | 1.1.2 | 79.54 | 230.97 | 310.51 | OK | |
r-release-macos-arm64 | 1.1.2 | 108.00 | OK | |||
r-release-macos-x86_64 | 1.1.2 | 204.00 | NOTE | |||
r-release-windows-x86_64 | 1.1.2 | 87.00 | 236.00 | 323.00 | OK | |
r-oldrel-macos-arm64 | 1.1.2 | 99.00 | OK | |||
r-oldrel-macos-x86_64 | 1.1.2 | 131.00 | OK | |||
r-oldrel-windows-x86_64 | 1.1.2 | 84.00 | 230.00 | 314.00 | OK |
Version: 1.1.2
Check: installed package size
Result: NOTE
installed size is 5.0Mb
sub-directories of 1Mb or more:
libs 3.2Mb
Flavor: r-release-macos-x86_64