CRAN Package Check Results for Package GetTDData

Last updated on 2021-10-26 04:27:15 CEST.

Flavor Version Tinstall Tcheck Ttotal Status Flags
r-devel-linux-x86_64-debian-clang 1.4.2 2.54 38.71 41.25 NOTE
r-devel-linux-x86_64-debian-gcc 1.4.2 1.97 29.38 31.35 NOTE
r-devel-linux-x86_64-fedora-clang 1.4.2 59.81 NOTE
r-devel-linux-x86_64-fedora-gcc 1.4.2 48.91 NOTE
r-devel-windows-x86_64 1.4.2 5.00 70.00 75.00 NOTE
r-devel-windows-x86_64-gcc10-UCRT 1.4.2 NOTE
r-patched-linux-x86_64 1.4.2 2.81 38.08 40.89 NOTE
r-patched-solaris-x86 1.4.2 64.60 NOTE
r-release-linux-x86_64 1.4.2 2.15 37.06 39.21 NOTE
r-release-macos-arm64 1.4.2 NOTE
r-release-macos-x86_64 1.4.2 NOTE
r-release-windows-ix86+x86_64 1.4.2 5.00 57.00 62.00 NOTE
r-oldrel-macos-x86_64 1.4.2 NOTE
r-oldrel-windows-ix86+x86_64 1.4.2 6.00 62.00 68.00 OK

Check Details

Version: 1.4.2
Check: LazyData
Result: NOTE
     'LazyData' is specified without a 'data' directory
Flavors: r-devel-linux-x86_64-debian-clang, r-devel-linux-x86_64-debian-gcc, r-devel-linux-x86_64-fedora-clang, r-devel-linux-x86_64-fedora-gcc, r-devel-windows-x86_64, r-devel-windows-x86_64-gcc10-UCRT, r-patched-linux-x86_64, r-patched-solaris-x86, r-release-linux-x86_64, r-release-macos-arm64, r-release-macos-x86_64, r-release-windows-ix86+x86_64

Version: 1.4.2
Check: dependencies in R code
Result: NOTE
    Namespace in Imports field not imported from: ‘XML’
     All declared Imports should be used.
Flavors: r-devel-linux-x86_64-fedora-clang, r-devel-linux-x86_64-fedora-gcc, r-devel-windows-x86_64-gcc10-UCRT, r-patched-solaris-x86, r-release-macos-arm64, r-release-macos-x86_64, r-oldrel-macos-x86_64