Last updated on 2024-04-23 16:58:16 CEST.
Flavor | Version | Tinstall | Tcheck | Ttotal | Status | Flags |
---|---|---|---|---|---|---|
r-devel-linux-x86_64-debian-clang | 0.1.0 | 2.16 | 19.68 | 21.84 | NOTE | |
r-devel-linux-x86_64-debian-gcc | 0.1.0 | 1.64 | 15.82 | 17.46 | NOTE | |
r-devel-linux-x86_64-fedora-clang | 0.1.0 | 27.95 | NOTE | |||
r-devel-linux-x86_64-fedora-gcc | 0.1.0 | 26.76 | NOTE | |||
r-prerel-macos-arm64 | 0.1.0 | 14.00 | NOTE | |||
r-prerel-windows-x86_64 | 0.1.0 | 3.00 | 37.00 | 40.00 | NOTE | |
r-patched-linux-x86_64 | 0.1.0 | 1.56 | 19.14 | 20.70 | NOTE | |
r-release-linux-x86_64 | 0.1.0 | 1.94 | 19.72 | 21.66 | NOTE | |
r-release-macos-arm64 | 0.1.0 | 15.00 | NOTE | |||
r-release-macos-x86_64 | 0.1.0 | 19.00 | NOTE | |||
r-release-windows-x86_64 | 0.1.0 | 3.00 | 36.00 | 39.00 | NOTE | |
r-oldrel-macos-arm64 | 0.1.0 | 15.00 | NOTE | |||
r-oldrel-windows-x86_64 | 0.1.0 | 3.00 | 40.00 | 43.00 | NOTE |
Version: 0.1.0
Check: LazyData
Result: NOTE
'LazyData' is specified without a 'data' directory
Flavors: r-devel-linux-x86_64-debian-clang, r-devel-linux-x86_64-debian-gcc, r-devel-linux-x86_64-fedora-clang, r-devel-linux-x86_64-fedora-gcc, r-prerel-macos-arm64, r-prerel-windows-x86_64, r-patched-linux-x86_64, r-release-linux-x86_64, r-release-macos-arm64, r-release-macos-x86_64, r-release-windows-x86_64, r-oldrel-macos-arm64, r-oldrel-windows-x86_64