Last updated on 2024-03-28 23:55:08 CET.
Flavor | Version | Tinstall | Tcheck | Ttotal | Status | Flags |
---|---|---|---|---|---|---|
r-devel-linux-x86_64-debian-clang | 0.5.0 | 88.67 | 80.52 | 169.19 | NOTE | |
r-devel-linux-x86_64-debian-gcc | 0.5.0 | 63.02 | 64.10 | 127.12 | NOTE | |
r-devel-linux-x86_64-fedora-clang | 0.5.0 | 228.53 | NOTE | |||
r-devel-linux-x86_64-fedora-gcc | 0.5.0 | 213.18 | NOTE | |||
r-devel-windows-x86_64 | 0.5.0 | 59.00 | 115.00 | 174.00 | NOTE | |
r-patched-linux-x86_64 | 0.5.0 | 82.48 | 75.87 | 158.35 | NOTE | |
r-release-linux-x86_64 | 0.5.0 | 77.26 | 77.11 | 154.37 | OK | |
r-release-macos-arm64 | 0.5.0 | 69.00 | NOTE | |||
r-release-macos-x86_64 | 0.5.0 | 144.00 | NOTE | |||
r-release-windows-x86_64 | 0.5.0 | 73.00 | 131.00 | 204.00 | OK | |
r-oldrel-macos-arm64 | 0.5.0 | 54.00 | NOTE | |||
r-oldrel-windows-x86_64 | 0.5.0 | 70.00 | 114.00 | 184.00 | OK |
Version: 0.5.0
Check: HTML version of manual
Result: NOTE
Found the following HTML validation problems:
exponential_anisotropic3D_alt.html:70:1 (exponential_anisotropic3D_alt.Rd:34): Warning: trimming empty <h3>
Flavors: r-devel-linux-x86_64-debian-clang, r-devel-linux-x86_64-debian-gcc, r-devel-linux-x86_64-fedora-clang, r-devel-linux-x86_64-fedora-gcc, r-devel-windows-x86_64, r-patched-linux-x86_64
Version: 0.5.0
Check: installed package size
Result: NOTE
installed size is 7.9Mb
sub-directories of 1Mb or more:
data 1.4Mb
libs 6.1Mb
Flavors: r-release-macos-arm64, r-release-macos-x86_64, r-oldrel-macos-arm64