Last updated on 2023-06-09 16:56:56 CEST.
Flavor | Version | Tinstall | Tcheck | Ttotal | Status | Flags |
---|---|---|---|---|---|---|
r-devel-linux-x86_64-debian-clang | 0.4.0 | 76.05 | 84.09 | 160.14 | OK | |
r-devel-linux-x86_64-debian-gcc | 0.4.0 | 58.80 | 55.25 | 114.05 | OK | |
r-devel-linux-x86_64-fedora-clang | 0.4.0 | 207.62 | OK | |||
r-devel-linux-x86_64-fedora-gcc | 0.4.0 | 213.51 | OK | |||
r-devel-windows-x86_64 | 0.4.0 | 54.00 | 112.00 | 166.00 | OK | |
r-patched-linux-x86_64 | 0.4.0 | 69.16 | 72.32 | 141.48 | OK | |
r-release-linux-x86_64 | 0.4.0 | 61.65 | 71.79 | 133.44 | OK | |
r-release-macos-arm64 | 0.4.0 | 52.00 | NOTE | |||
r-release-macos-x86_64 | 0.4.0 | 96.00 | NOTE | |||
r-release-windows-x86_64 | 0.4.0 | 72.00 | 120.00 | 192.00 | OK | |
r-oldrel-macos-arm64 | 0.4.0 | 47.00 | NOTE | |||
r-oldrel-macos-x86_64 | 0.4.0 | 67.00 | NOTE | |||
r-oldrel-windows-x86_64 | 0.4.0 | 69.00 | 109.00 | 178.00 | OK |
Version: 0.4.0
Check: installed package size
Result: NOTE
installed size is 8.1Mb
sub-directories of 1Mb or more:
data 1.4Mb
libs 6.4Mb
Flavors: r-release-macos-arm64, r-release-macos-x86_64, r-oldrel-macos-arm64, r-oldrel-macos-x86_64