Last updated on 2024-04-18 01:02:55 CEST.
Flavor | Version | Tinstall | Tcheck | Ttotal | Status | Flags |
---|---|---|---|---|---|---|
r-devel-linux-x86_64-debian-clang | 1.1 | 8.26 | 107.21 | 115.47 | NOTE | |
r-devel-linux-x86_64-debian-gcc | 1.1 | 6.84 | 77.87 | 84.71 | NOTE | |
r-devel-linux-x86_64-fedora-clang | 1.1 | 138.15 | NOTE | |||
r-devel-linux-x86_64-fedora-gcc | 1.1 | 135.05 | NOTE | |||
r-prerel-macos-arm64 | 1.1 | 41.00 | NOTE | |||
r-prerel-windows-x86_64 | 1.1 | 11.00 | 95.00 | 106.00 | NOTE | |
r-patched-linux-x86_64 | 1.1 | 6.52 | 99.55 | 106.07 | NOTE | |
r-release-linux-x86_64 | 1.1 | 7.04 | 105.73 | 112.77 | OK | |
r-release-macos-arm64 | 1.1 | 47.00 | OK | |||
r-release-macos-x86_64 | 1.1 | 76.00 | OK | |||
r-release-windows-x86_64 | 1.1 | 15.00 | 113.00 | 128.00 | OK | |
r-oldrel-macos-arm64 | 1.1 | 30.00 | OK | |||
r-oldrel-windows-x86_64 | 1.1 | 14.00 | 112.00 | 126.00 | OK |
Version: 1.1
Check: Rd contents
Result: NOTE
Argument items with no description in Rd file 'HistPCA.Rd':
‘ggplot’
Flavors: r-devel-linux-x86_64-debian-clang, r-devel-linux-x86_64-debian-gcc, r-devel-linux-x86_64-fedora-clang, r-devel-linux-x86_64-fedora-gcc, r-prerel-macos-arm64, r-prerel-windows-x86_64, r-patched-linux-x86_64