Last updated on 2024-03-27 23:59:45 CET.
Flavor | Version | Tinstall | Tcheck | Ttotal | Status | Flags |
---|---|---|---|---|---|---|
r-devel-linux-x86_64-debian-clang | 1.2 | 119.33 | 27.51 | 146.84 | NOTE | |
r-devel-linux-x86_64-debian-gcc | 1.2 | 84.39 | 21.33 | 105.72 | NOTE | |
r-devel-linux-x86_64-fedora-clang | 1.2 | 222.51 | NOTE | |||
r-devel-linux-x86_64-fedora-gcc | 1.2 | 207.61 | NOTE | |||
r-devel-windows-x86_64 | 1.2 | 87.00 | 58.00 | 145.00 | NOTE | |
r-patched-linux-x86_64 | 1.2 | 106.08 | 25.78 | 131.86 | OK | |
r-release-linux-x86_64 | 1.2 | 104.20 | 26.34 | 130.54 | OK | |
r-release-macos-arm64 | 1.2 | 49.00 | OK | |||
r-release-macos-x86_64 | 1.2 | 78.00 | OK | |||
r-release-windows-x86_64 | 1.2 | 111.00 | 72.00 | 183.00 | OK | |
r-oldrel-macos-arm64 | 1.2 | 42.00 | OK | |||
r-oldrel-windows-x86_64 | 1.2 | 103.00 | 72.00 | 175.00 | OK |
Version: 1.2
Check: Rd files
Result: NOTE
checkRd: (-1) MinimiseEPL.Rd:17: Lost braces in \itemize; meant \describe ?
checkRd: (-1) MinimiseEPL.Rd:18: Lost braces in \itemize; meant \describe ?
checkRd: (-1) MinimiseEPL.Rd:19: Lost braces in \itemize; meant \describe ?
checkRd: (-1) MinimiseEPL.Rd:20: Lost braces in \itemize; meant \describe ?
Flavors: r-devel-linux-x86_64-debian-clang, r-devel-linux-x86_64-debian-gcc, r-devel-linux-x86_64-fedora-clang, r-devel-linux-x86_64-fedora-gcc, r-devel-windows-x86_64