CRAN Package Check Results for Package GridOnClusters

Last updated on 2022-01-26 16:50:09 CET.

Flavor Version Tinstall Tcheck Ttotal Status Flags
r-devel-linux-x86_64-debian-clang 0.0.8 25.33 56.29 81.62 NOTE
r-devel-linux-x86_64-debian-gcc 0.0.8 15.84 42.98 58.82 NOTE
r-devel-linux-x86_64-fedora-clang 0.0.8 105.94 NOTE
r-devel-linux-x86_64-fedora-gcc 0.0.8 89.78 NOTE
r-devel-windows-x86_64-new-UL 0.0.8 56.00 96.00 152.00 NOTE
r-devel-windows-x86_64-new-TK 0.0.8 NOTE
r-patched-linux-x86_64 0.0.8 19.66 52.17 71.83 NOTE
r-release-linux-x86_64 0.0.8 18.14 52.54 70.68 NOTE
r-release-macos-arm64 0.0.8 NOTE
r-release-macos-x86_64 0.0.8 NOTE
r-release-windows-ix86+x86_64 0.0.8 60.00 97.00 157.00 NOTE
r-oldrel-macos-x86_64 0.0.8 OK
r-oldrel-windows-ix86+x86_64 0.0.8 61.00 100.00 161.00 OK

Check Details

Version: 0.0.8
Check: LazyData
Result: NOTE
     'LazyData' is specified without a 'data' directory
Flavors: r-devel-linux-x86_64-debian-clang, r-devel-linux-x86_64-debian-gcc, r-devel-linux-x86_64-fedora-clang, r-devel-linux-x86_64-fedora-gcc, r-devel-windows-x86_64-new-UL, r-devel-windows-x86_64-new-TK, r-patched-linux-x86_64, r-release-linux-x86_64, r-release-macos-arm64, r-release-macos-x86_64, r-release-windows-ix86+x86_64