Last updated on 2024-08-13 17:48:15 CEST.
Flavor | Version | Tinstall | Tcheck | Ttotal | Status | Flags |
---|---|---|---|---|---|---|
r-devel-linux-x86_64-debian-clang | 0.8.14 | 6.81 | 48.33 | 55.14 | OK | |
r-devel-linux-x86_64-debian-gcc | 0.8.14 | 5.00 | 35.79 | 40.79 | OK | |
r-devel-linux-x86_64-fedora-clang | 0.8.14 | 84.51 | OK | |||
r-devel-linux-x86_64-fedora-gcc | 0.8.14 | 92.74 | OK | |||
r-devel-windows-x86_64 | 0.8.14 | 7.00 | 65.00 | 72.00 | OK | |
r-patched-linux-x86_64 | 0.8.14 | 7.14 | 43.18 | 50.32 | OK | |
r-release-linux-x86_64 | 0.8.14 | 5.68 | 43.48 | 49.16 | OK | |
r-release-macos-arm64 | 0.8.14 | 48.00 | NOTE | |||
r-release-macos-x86_64 | 0.8.14 | 51.00 | NOTE | |||
r-release-windows-x86_64 | 0.8.14 | 7.00 | 66.00 | 73.00 | OK | |
r-oldrel-macos-arm64 | 0.8.14 | 56.00 | NOTE | |||
r-oldrel-macos-x86_64 | 0.8.14 | 118.00 | NOTE | |||
r-oldrel-windows-x86_64 | 0.8.14 | 9.00 | 75.00 | 84.00 | NOTE |
Version: 0.8.14
Check: installed package size
Result: NOTE
installed size is 5.1Mb
sub-directories of 1Mb or more:
data 4.7Mb
Flavors: r-release-macos-arm64, r-release-macos-x86_64, r-oldrel-macos-arm64, r-oldrel-macos-x86_64, r-oldrel-windows-x86_64