CRAN Package Check Results for Package HH

Last updated on 2021-09-23 12:57:51 CEST.

Flavor Version Tinstall Tcheck Ttotal Status Flags
r-devel-linux-x86_64-debian-clang 3.1-43 32.29 324.52 356.81 OK
r-devel-linux-x86_64-debian-gcc 3.1-43 25.09 239.41 264.50 OK
r-devel-linux-x86_64-fedora-clang 3.1-43 424.28 OK
r-devel-linux-x86_64-fedora-gcc 3.1-43 408.49 OK
r-devel-windows-x86_64 3.1-43 32.00 299.00 331.00 OK
r-devel-windows-x86_64-gcc10-UCRT 3.1-43 ERROR
r-patched-linux-x86_64 3.1-43 39.49 305.47 344.96 OK
r-patched-solaris-x86 3.1-43 546.20 OK
r-release-linux-x86_64 3.1-43 27.07 300.59 327.66 OK
r-release-macos-arm64 3.1-43 OK
r-release-macos-x86_64 3.1-43 OK
r-release-windows-ix86+x86_64 3.1-43 62.00 383.00 445.00 OK
r-oldrel-macos-x86_64 3.1-43 OK
r-oldrel-windows-ix86+x86_64 3.1-43 42.00 300.00 342.00 OK

Check Details

Version: 3.1-43
Check: package dependencies
Result: ERROR
    Packages required but not available: 'latticeExtra', 'Hmisc'
    
    Packages suggested but not available for checking:
     'Rcmdr', 'RcmdrPlugin.HH', 'microplot'
    
    See section 'The DESCRIPTION file' in the 'Writing R Extensions'
    manual.
Flavor: r-devel-windows-x86_64-gcc10-UCRT