Last updated on 2024-04-24 00:55:45 CEST.
Flavor | Version | Tinstall | Tcheck | Ttotal | Status | Flags |
---|---|---|---|---|---|---|
r-devel-linux-x86_64-debian-clang | 2.2.1 | 14.18 | 118.29 | 132.47 | NOTE | |
r-devel-linux-x86_64-debian-gcc | 2.2.1 | 12.10 | 86.54 | 98.64 | NOTE | |
r-devel-linux-x86_64-fedora-clang | 2.2.1 | 168.15 | NOTE | |||
r-devel-linux-x86_64-fedora-gcc | 2.2.1 | 153.54 | NOTE | |||
r-prerel-macos-arm64 | 2.2.1 | 46.00 | NOTE | |||
r-prerel-macos-x86_64 | 2.2.1 | 86.00 | OK | |||
r-prerel-windows-x86_64 | 2.2.1 | 13.00 | 95.00 | 108.00 | NOTE | |
r-patched-linux-x86_64 | 2.2.1 | 17.98 | 107.91 | 125.89 | NOTE | |
r-release-linux-x86_64 | 2.2.1 | 14.67 | 116.74 | 131.41 | OK | |
r-release-macos-arm64 | 2.2.1 | 62.00 | OK | |||
r-release-macos-x86_64 | 2.2.1 | 98.00 | OK | |||
r-release-windows-x86_64 | 2.2.1 | 5.00 | 5.00 | 10.00 | ERROR | |
r-oldrel-macos-arm64 | 2.2.1 | 52.00 | OK | |||
r-oldrel-windows-x86_64 | 2.2.1 | 18.00 | 120.00 | 138.00 | OK |
Version: 2.2.1
Check: Rd files
Result: NOTE
checkRd: (-1) dblassoHIMA.Rd:47: Lost braces in \itemize; \value handles \item{}{} directly
checkRd: (-1) dblassoHIMA.Rd:48: Lost braces in \itemize; \value handles \item{}{} directly
checkRd: (-1) dblassoHIMA.Rd:49: Lost braces in \itemize; \value handles \item{}{} directly
checkRd: (-1) dblassoHIMA.Rd:50: Lost braces in \itemize; \value handles \item{}{} directly
checkRd: (-1) dblassoHIMA.Rd:51: Lost braces in \itemize; \value handles \item{}{} directly
checkRd: (-1) dblassoHIMA.Rd:52: Lost braces in \itemize; \value handles \item{}{} directly
checkRd: (-1) hima.Rd:69: Lost braces in \itemize; \value handles \item{}{} directly
checkRd: (-1) hima.Rd:70: Lost braces in \itemize; \value handles \item{}{} directly
checkRd: (-1) hima.Rd:71: Lost braces in \itemize; \value handles \item{}{} directly
checkRd: (-1) hima.Rd:72: Lost braces in \itemize; \value handles \item{}{} directly
checkRd: (-1) hima.Rd:73: Lost braces in \itemize; \value handles \item{}{} directly
checkRd: (-1) hima.Rd:74: Lost braces in \itemize; \value handles \item{}{} directly
checkRd: (-1) hima.Rd:75: Lost braces in \itemize; \value handles \item{}{} directly
checkRd: (-1) microHIMA.Rd:29: Lost braces in \itemize; \value handles \item{}{} directly
checkRd: (-1) microHIMA.Rd:30: Lost braces in \itemize; \value handles \item{}{} directly
checkRd: (-1) microHIMA.Rd:31: Lost braces in \itemize; \value handles \item{}{} directly
checkRd: (-1) microHIMA.Rd:32: Lost braces in \itemize; \value handles \item{}{} directly
checkRd: (-1) microHIMA.Rd:33: Lost braces in \itemize; \value handles \item{}{} directly
checkRd: (-1) microHIMA.Rd:34: Lost braces in \itemize; \value handles \item{}{} directly
checkRd: (-1) qHIMA.Rd:51: Lost braces in \itemize; \value handles \item{}{} directly
checkRd: (-1) qHIMA.Rd:52: Lost braces in \itemize; \value handles \item{}{} directly
checkRd: (-1) qHIMA.Rd:53: Lost braces in \itemize; \value handles \item{}{} directly
checkRd: (-1) qHIMA.Rd:54: Lost braces in \itemize; \value handles \item{}{} directly
checkRd: (-1) qHIMA.Rd:55: Lost braces in \itemize; \value handles \item{}{} directly
checkRd: (-1) qHIMA.Rd:56: Lost braces in \itemize; \value handles \item{}{} directly
checkRd: (-1) survHIMA.Rd:30: Lost braces in \itemize; \value handles \item{}{} directly
checkRd: (-1) survHIMA.Rd:31: Lost braces in \itemize; \value handles \item{}{} directly
checkRd: (-1) survHIMA.Rd:32: Lost braces in \itemize; \value handles \item{}{} directly
checkRd: (-1) survHIMA.Rd:33: Lost braces in \itemize; \value handles \item{}{} directly
checkRd: (-1) survHIMA.Rd:34: Lost braces in \itemize; \value handles \item{}{} directly
checkRd: (-1) survHIMA.Rd:35: Lost braces in \itemize; \value handles \item{}{} directly
Flavors: r-devel-linux-x86_64-debian-clang, r-devel-linux-x86_64-debian-gcc, r-devel-linux-x86_64-fedora-clang, r-devel-linux-x86_64-fedora-gcc, r-prerel-macos-arm64, r-prerel-windows-x86_64, r-patched-linux-x86_64
Version: 2.2.1
Check: whether package can be installed
Result: ERROR
Installation failed.
Flavor: r-release-windows-x86_64