CRAN Package Check Results for Package HLMdiag

Last updated on 2023-10-04 00:58:26 CEST.

Flavor Version Tinstall Tcheck Ttotal Status Flags
r-devel-linux-x86_64-debian-clang 0.5.0 115.27 299.94 415.21 NOTE
r-devel-linux-x86_64-debian-gcc 0.5.0 75.90 224.81 300.71 NOTE
r-devel-linux-x86_64-fedora-clang 0.5.0 553.28 NOTE
r-devel-linux-x86_64-fedora-gcc 0.5.0 560.49 NOTE
r-devel-windows-x86_64 0.5.0 81.00 251.00 332.00 NOTE
r-patched-linux-x86_64 0.5.0 97.26 287.90 385.16 NOTE
r-release-linux-x86_64 0.5.0 98.91 295.60 394.51 NOTE
r-release-macos-arm64 0.5.0 155.00 NOTE
r-release-macos-x86_64 0.5.0 260.00 NOTE
r-release-windows-x86_64 0.5.0 113.00 310.00 423.00 NOTE
r-oldrel-macos-arm64 0.5.0 130.00 OK
r-oldrel-macos-x86_64 0.5.0 254.00 OK
r-oldrel-windows-x86_64 0.5.0 105.00 283.00 388.00 OK

Check Details

Version: 0.5.0
Check: C++ specification
Result: NOTE
     Specified C++11: please drop specification unless essential
Flavors: r-devel-linux-x86_64-debian-clang, r-devel-linux-x86_64-debian-gcc, r-devel-linux-x86_64-fedora-clang, r-devel-linux-x86_64-fedora-gcc, r-devel-windows-x86_64, r-patched-linux-x86_64, r-release-linux-x86_64, r-release-macos-arm64, r-release-macos-x86_64, r-release-windows-x86_64