Last updated on 2023-12-09 00:52:41 CET.
Flavor | Version | Tinstall | Tcheck | Ttotal | Status | Flags |
---|---|---|---|---|---|---|
r-devel-linux-x86_64-debian-clang | 1.1.9 | 11.04 | 114.01 | 125.05 | NOTE | |
r-devel-linux-x86_64-debian-gcc | 1.1.9 | 12.80 | 83.84 | 96.64 | NOTE | |
r-devel-linux-x86_64-fedora-clang | 1.1.9 | 157.09 | NOTE | |||
r-devel-linux-x86_64-fedora-gcc | 1.1.9 | 148.56 | NOTE | |||
r-devel-windows-x86_64 | 1.1.9 | 15.00 | 91.00 | 106.00 | NOTE | |
r-patched-linux-x86_64 | 1.1.9 | 12.05 | 109.23 | 121.28 | NOTE | |
r-release-linux-x86_64 | 1.1.9 | 10.63 | 105.91 | 116.54 | NOTE | |
r-release-macos-arm64 | 1.1.9 | 49.00 | NOTE | |||
r-release-macos-x86_64 | 1.1.9 | 75.00 | NOTE | |||
r-release-windows-x86_64 | 1.1.9 | 19.00 | 106.00 | 125.00 | NOTE | |
r-oldrel-macos-arm64 | 1.1.9 | 43.00 | NOTE | |||
r-oldrel-macos-x86_64 | 1.1.9 | 77.00 | NOTE | |||
r-oldrel-windows-x86_64 | 1.1.9 | 18.00 | 105.00 | 123.00 | NOTE |
Version: 1.1.9
Check: LazyData
Result: NOTE
'LazyData' is specified without a 'data' directory
Flavors: r-devel-linux-x86_64-debian-clang, r-devel-linux-x86_64-debian-gcc, r-devel-linux-x86_64-fedora-clang, r-devel-linux-x86_64-fedora-gcc, r-devel-windows-x86_64, r-patched-linux-x86_64, r-release-linux-x86_64, r-release-macos-arm64, r-release-macos-x86_64, r-release-windows-x86_64, r-oldrel-macos-arm64, r-oldrel-macos-x86_64, r-oldrel-windows-x86_64