Last updated on 2024-04-18 16:49:57 CEST.
Flavor | Version | Tinstall | Tcheck | Ttotal | Status | Flags |
---|---|---|---|---|---|---|
r-devel-linux-x86_64-debian-clang | 1.2.4 | 3.69 | 136.17 | 139.86 | OK | |
r-devel-linux-x86_64-debian-gcc | 1.2.4 | 3.67 | 103.84 | 107.51 | OK | |
r-devel-linux-x86_64-fedora-clang | 1.2.4 | 170.14 | NOTE | |||
r-devel-linux-x86_64-fedora-gcc | 1.2.4 | 183.82 | NOTE | |||
r-prerel-macos-arm64 | 1.2.4 | 61.00 | OK | |||
r-prerel-macos-x86_64 | 1.2.4 | 180.00 | OK | |||
r-prerel-windows-x86_64 | 1.2.4 | 6.00 | 144.00 | 150.00 | OK | |
r-patched-linux-x86_64 | 1.2.4 | 2.96 | 133.10 | 136.06 | OK | |
r-release-linux-x86_64 | 1.2.4 | 2.85 | 129.10 | 131.95 | OK | |
r-release-macos-arm64 | 1.2.4 | 67.00 | OK | |||
r-release-macos-x86_64 | 1.2.4 | 174.00 | OK | |||
r-release-windows-x86_64 | 1.2.4 | 7.00 | 169.00 | 176.00 | OK | |
r-oldrel-macos-arm64 | 1.2.4 | 61.00 | OK | |||
r-oldrel-windows-x86_64 | 1.2.4 | 6.00 | 170.00 | 176.00 | OK |
Version: 1.2.4
Check: dependencies in R code
Result: NOTE
Namespaces in Imports field not imported from:
‘recipes’ ‘tune’
All declared Imports should be used.
Flavors: r-devel-linux-x86_64-fedora-clang, r-devel-linux-x86_64-fedora-gcc