Last updated on 2024-07-18 00:54:55 CEST.
Flavor | Version | Tinstall | Tcheck | Ttotal | Status | Flags |
---|---|---|---|---|---|---|
r-devel-linux-x86_64-debian-clang | 1.4.1 | 10.30 | 212.00 | 222.30 | NOTE | --no-vignettes |
r-devel-linux-x86_64-debian-gcc | 1.4.1 | 7.71 | 150.55 | 158.26 | NOTE | --no-vignettes |
r-devel-linux-x86_64-fedora-clang | 1.4.1 | 1437.04 | NOTE | |||
r-devel-linux-x86_64-fedora-gcc | 1.4.1 | 1328.45 | NOTE | |||
r-devel-windows-x86_64 | 1.4.1 | 11.00 | 186.00 | 197.00 | NOTE | --no-vignettes |
r-patched-linux-x86_64 | 1.4.1 | 8.30 | 201.41 | 209.71 | NOTE | --no-vignettes |
r-release-linux-x86_64 | 1.4.1 | 5.45 | 196.62 | 202.07 | NOTE | --no-vignettes |
r-release-macos-arm64 | 1.4.1 | 398.00 | NOTE | |||
r-release-macos-x86_64 | 1.4.1 | 731.00 | NOTE | |||
r-release-windows-x86_64 | 1.4.1 | 10.00 | 188.00 | 198.00 | NOTE | --no-vignettes |
r-oldrel-macos-arm64 | 1.4.1 | 417.00 | OK | |||
r-oldrel-macos-x86_64 | 1.4.1 | 1371.00 | OK | |||
r-oldrel-windows-x86_64 | 1.4.1 | 13.00 | 222.00 | 235.00 | OK | --no-vignettes |
Version: 1.4.1
Flags: --no-vignettes
Check: Rd files
Result: NOTE
checkRd: (-1) BD_shift.Rd:67-73: Lost braces in \itemize; meant \describe ?
checkRd: (-1) BD_shift.Rd:74-77: Lost braces in \itemize; meant \describe ?
checkRd: (-1) BD_shift.Rd:78-82: Lost braces in \itemize; meant \describe ?
checkRd: (-1) BD_shift.Rd:83-87: Lost braces in \itemize; meant \describe ?
checkRd: (-1) data-physeq_rep3.Rd:11: Lost braces in \itemize; meant \describe ?
checkRd: (-1) data-physeq_rep3.Rd:12: Lost braces in \itemize; meant \describe ?
checkRd: (-1) data-physeq_rep3.Rd:13: Lost braces in \itemize; meant \describe ?
checkRd: (-1) data-physeq_rep3.Rd:14: Lost braces in \itemize; meant \describe ?
checkRd: (-1) data-physeq_rep3.Rd:15: Lost braces in \itemize; meant \describe ?
checkRd: (-1) data-physeq_rep3.Rd:16: Lost braces in \itemize; meant \describe ?
checkRd: (-1) heavy_SIP.Rd:69-71: Lost braces in \itemize; meant \describe ?
checkRd: (-1) heavy_SIP.Rd:72-75: Lost braces in \itemize; meant \describe ?
checkRd: (-1) heavy_SIP.Rd:76-79: Lost braces in \itemize; meant \describe ?
Flavors: r-devel-linux-x86_64-debian-clang, r-devel-linux-x86_64-debian-gcc, r-devel-windows-x86_64, r-patched-linux-x86_64, r-release-linux-x86_64, r-release-windows-x86_64
Version: 1.4.1
Check: dependencies in R code
Result: NOTE
Namespace in Imports field not imported from: ‘igraph’
All declared Imports should be used.
Flavors: r-devel-linux-x86_64-fedora-clang, r-devel-linux-x86_64-fedora-gcc
Version: 1.4.1
Check: Rd files
Result: NOTE
checkRd: (-1) BD_shift.Rd:67-73: Lost braces in \itemize; meant \describe ?
checkRd: (-1) BD_shift.Rd:74-77: Lost braces in \itemize; meant \describe ?
checkRd: (-1) BD_shift.Rd:78-82: Lost braces in \itemize; meant \describe ?
checkRd: (-1) BD_shift.Rd:83-87: Lost braces in \itemize; meant \describe ?
checkRd: (-1) data-physeq_rep3.Rd:11: Lost braces in \itemize; meant \describe ?
checkRd: (-1) data-physeq_rep3.Rd:12: Lost braces in \itemize; meant \describe ?
checkRd: (-1) data-physeq_rep3.Rd:13: Lost braces in \itemize; meant \describe ?
checkRd: (-1) data-physeq_rep3.Rd:14: Lost braces in \itemize; meant \describe ?
checkRd: (-1) data-physeq_rep3.Rd:15: Lost braces in \itemize; meant \describe ?
checkRd: (-1) data-physeq_rep3.Rd:16: Lost braces in \itemize; meant \describe ?
checkRd: (-1) heavy_SIP.Rd:69-71: Lost braces in \itemize; meant \describe ?
checkRd: (-1) heavy_SIP.Rd:72-75: Lost braces in \itemize; meant \describe ?
checkRd: (-1) heavy_SIP.Rd:76-79: Lost braces in \itemize; meant \describe ?
Flavors: r-devel-linux-x86_64-fedora-clang, r-devel-linux-x86_64-fedora-gcc, r-release-macos-arm64, r-release-macos-x86_64