Last updated on 2023-06-04 08:57:11 CEST.
Flavor | Version | Tinstall | Tcheck | Ttotal | Status | Flags |
---|---|---|---|---|---|---|
r-devel-linux-x86_64-debian-clang | 0.2-4 | 12.97 | 57.02 | 69.99 | OK | |
r-devel-linux-x86_64-debian-gcc | 0.2-4 | 9.03 | 42.31 | 51.34 | OK | |
r-devel-linux-x86_64-fedora-clang | 0.2-4 | 87.71 | NOTE | |||
r-devel-linux-x86_64-fedora-gcc | 0.2-4 | 87.09 | NOTE | |||
r-devel-windows-x86_64 | 0.2-4 | 11.00 | 66.00 | 77.00 | OK | |
r-patched-linux-x86_64 | 0.2-4 | 10.98 | 53.83 | 64.81 | OK | |
r-release-linux-x86_64 | 0.2-4 | 10.59 | 54.27 | 64.86 | OK | |
r-release-macos-arm64 | 0.2-4 | 26.00 | OK | |||
r-release-macos-x86_64 | 0.2-4 | 45.00 | OK | |||
r-release-windows-x86_64 | 0.2-4 | 12.00 | 74.00 | 86.00 | OK | |
r-oldrel-macos-arm64 | 0.2-4 | 25.00 | OK | |||
r-oldrel-macos-x86_64 | 0.2-4 | 35.00 | OK | |||
r-oldrel-windows-x86_64 | 0.2-4 | 14.00 | 73.00 | 87.00 | OK |
Version: 0.2-4
Check: compiled code
Result: NOTE
File ‘HiDimDA/libs/HiDimDA.so’:
Found no calls to: ‘R_registerRoutines’, ‘R_useDynamicSymbols’
It is good practice to register native routines and to disable symbol
search.
See ‘Writing portable packages’ in the ‘Writing R Extensions’ manual.
Flavors: r-devel-linux-x86_64-fedora-clang, r-devel-linux-x86_64-fedora-gcc